[INFO] cloning repository https://github.com/Julius0505/terra-nft
[INFO] running `Command { std: "git" "-c" "credential.helper=" "-c" "credential.helper=/workspace/cargo-home/bin/git-credential-null" "clone" "--bare" "https://github.com/Julius0505/terra-nft" "/workspace/cache/git-repos/https%3A%2F%2Fgithub.com%2FJulius0505%2Fterra-nft", kill_on_drop: false }`
[INFO] [stderr] Cloning into bare repository '/workspace/cache/git-repos/https%3A%2F%2Fgithub.com%2FJulius0505%2Fterra-nft'...
[INFO] running `Command { std: "git" "rev-parse" "HEAD", kill_on_drop: false }`
[INFO] [stdout] 89dab12b9aa739db5f9ba374ea6cff3596de317a
[INFO] checking Julius0505/terra-nft against master#9610dfe5a9a731ced1ea4923ecbd0c57fe367898 for beta-170-4
[INFO] running `Command { std: "git" "clone" "/workspace/cache/git-repos/https%3A%2F%2Fgithub.com%2FJulius0505%2Fterra-nft" "/workspace/builds/worker-6-tc1/source", kill_on_drop: false }`
[INFO] [stderr] Cloning into '/workspace/builds/worker-6-tc1/source'...
[INFO] [stderr] done.
[INFO] validating manifest of git repo https://github.com/Julius0505/terra-nft on toolchain 9610dfe5a9a731ced1ea4923ecbd0c57fe367898
[INFO] running `Command { std: CARGO_HOME="/workspace/cargo-home" RUSTUP_HOME="/workspace/rustup-home" "/workspace/cargo-home/bin/cargo" "+9610dfe5a9a731ced1ea4923ecbd0c57fe367898" "metadata" "--manifest-path" "Cargo.toml" "--no-deps", kill_on_drop: false }`
[INFO] removed /workspace/builds/worker-6-tc1/source/.cargo/config
[INFO] started tweaking git repo https://github.com/Julius0505/terra-nft
[INFO] finished tweaking git repo https://github.com/Julius0505/terra-nft
[INFO] tweaked toml for git repo https://github.com/Julius0505/terra-nft written to /workspace/builds/worker-6-tc1/source/Cargo.toml
[INFO] crate git repo https://github.com/Julius0505/terra-nft already has a lockfile, it will not be regenerated
[INFO] running `Command { std: CARGO_HOME="/workspace/cargo-home" RUSTUP_HOME="/workspace/rustup-home" "/workspace/cargo-home/bin/cargo" "+9610dfe5a9a731ced1ea4923ecbd0c57fe367898" "fetch" "--manifest-path" "Cargo.toml", kill_on_drop: false }`
[INFO] [stderr]     Updating crates.io index
[INFO] [stderr]  Downloading crates ...
[INFO] [stderr]   Downloaded elliptic-curve v0.10.5
[INFO] [stderr]   Downloaded cosmwasm-derive v0.16.3
[INFO] [stderr]   Downloaded cw-storage-plus v0.8.1
[INFO] [stderr]   Downloaded ff v0.10.0
[INFO] [stderr]   Downloaded cw0 v0.9.1
[INFO] [stderr]   Downloaded cosmwasm-storage v0.16.0
[INFO] [stderr]   Downloaded serde-json-wasm v0.3.2
[INFO] [stderr]   Downloaded pkcs8 v0.7.5
[INFO] [stderr]   Downloaded const-oid v0.6.0
[INFO] [stderr]   Downloaded crypto-bigint v0.2.2
[INFO] [stderr]   Downloaded cosmwasm-crypto v0.16.3
[INFO] [stderr]   Downloaded spki v0.4.0
[INFO] [stderr]   Downloaded ed25519-zebra v2.2.0
[INFO] [stderr]   Downloaded cw2 v0.8.1
[INFO] [stderr]   Downloaded cw20 v0.9.1
[INFO] [stderr]   Downloaded ecdsa v0.12.3
[INFO] [stderr]   Downloaded cosmwasm-std v0.16.3
[INFO] [stderr]   Downloaded cosmwasm-schema v0.16.0
[INFO] [stderr]   Downloaded cw721 v0.9.2
[INFO] [stderr]   Downloaded der v0.4.1
[INFO] running `Command { std: "docker" "create" "-v" "/var/lib/crater-agent-workspace/builds/worker-6-tc1/target:/opt/rustwide/target:rw,Z" "-v" "/var/lib/crater-agent-workspace/builds/worker-6-tc1/source:/opt/rustwide/workdir:ro,Z" "-v" "/var/lib/crater-agent-workspace/cargo-home:/opt/rustwide/cargo-home:ro,Z" "-v" "/var/lib/crater-agent-workspace/rustup-home:/opt/rustwide/rustup-home:ro,Z" "-e" "SOURCE_DIR=/opt/rustwide/workdir" "-e" "CARGO_TARGET_DIR=/opt/rustwide/target" "-e" "CARGO_HOME=/opt/rustwide/cargo-home" "-e" "RUSTUP_HOME=/opt/rustwide/rustup-home" "-w" "/opt/rustwide/workdir" "-m" "1610612736" "--user" "0:0" "--network" "none" "ghcr.io/rust-lang/crates-build-env/linux@sha256:5ff2268d62e97bff2cde7d5815dd6ed5b47097566f13b8d0ca110b04b60e07ed" "/opt/rustwide/cargo-home/bin/cargo" "+9610dfe5a9a731ced1ea4923ecbd0c57fe367898" "metadata" "--no-deps" "--format-version=1", kill_on_drop: false }`
[INFO] [stdout] 4e4ccdcffcc7dd96d63035cb01b531f997139914944d98390039ed224ad18257
[INFO] running `Command { std: "docker" "start" "-a" "4e4ccdcffcc7dd96d63035cb01b531f997139914944d98390039ed224ad18257", kill_on_drop: false }`
[INFO] running `Command { std: "docker" "inspect" "4e4ccdcffcc7dd96d63035cb01b531f997139914944d98390039ed224ad18257", kill_on_drop: false }`
[INFO] running `Command { std: "docker" "rm" "-f" "4e4ccdcffcc7dd96d63035cb01b531f997139914944d98390039ed224ad18257", kill_on_drop: false }`
[INFO] [stdout] 4e4ccdcffcc7dd96d63035cb01b531f997139914944d98390039ed224ad18257
[INFO] running `Command { std: "docker" "create" "-v" "/var/lib/crater-agent-workspace/builds/worker-6-tc1/target:/opt/rustwide/target:rw,Z" "-v" "/var/lib/crater-agent-workspace/builds/worker-6-tc1/source:/opt/rustwide/workdir:ro,Z" "-v" "/var/lib/crater-agent-workspace/cargo-home:/opt/rustwide/cargo-home:ro,Z" "-v" "/var/lib/crater-agent-workspace/rustup-home:/opt/rustwide/rustup-home:ro,Z" "-e" "SOURCE_DIR=/opt/rustwide/workdir" "-e" "CARGO_TARGET_DIR=/opt/rustwide/target" "-e" "CARGO_INCREMENTAL=0" "-e" "RUST_BACKTRACE=full" "-e" "RUSTFLAGS=--cap-lints=forbid" "-e" "RUSTDOCFLAGS=--cap-lints=forbid" "-e" "CARGO_HOME=/opt/rustwide/cargo-home" "-e" "RUSTUP_HOME=/opt/rustwide/rustup-home" "-w" "/opt/rustwide/workdir" "-m" "1610612736" "--user" "0:0" "--network" "none" "ghcr.io/rust-lang/crates-build-env/linux@sha256:5ff2268d62e97bff2cde7d5815dd6ed5b47097566f13b8d0ca110b04b60e07ed" "/opt/rustwide/cargo-home/bin/cargo" "+9610dfe5a9a731ced1ea4923ecbd0c57fe367898" "check" "--frozen" "--all" "--all-targets" "--message-format=json", kill_on_drop: false }`
[INFO] [stdout] dabc5adf722834239e357c4e4b0d0d670c2597e1dbdcbe78e01d7a953b74973b
[INFO] running `Command { std: "docker" "start" "-a" "dabc5adf722834239e357c4e4b0d0d670c2597e1dbdcbe78e01d7a953b74973b", kill_on_drop: false }`
[INFO] [stderr]    Compiling proc-macro2 v1.0.28
[INFO] [stderr]    Compiling libc v0.2.99
[INFO] [stderr]    Compiling typenum v1.13.0
[INFO] [stderr]    Compiling syn v1.0.74
[INFO] [stderr]     Checking subtle v2.4.1
[INFO] [stderr]    Compiling serde_derive v1.0.133
[INFO] [stderr]    Compiling serde v1.0.133
[INFO] [stderr]     Checking const-oid v0.6.0
[INFO] [stderr]     Checking zeroize v1.4.1
[INFO] [stderr]    Compiling serde_json v1.0.66
[INFO] [stderr]     Checking byteorder v1.4.3
[INFO] [stderr]    Compiling generic-array v0.14.4
[INFO] [stderr]     Checking cpufeatures v0.1.5
[INFO] [stderr]     Checking itoa v0.4.7
[INFO] [stderr]    Compiling crunchy v0.2.2
[INFO] [stderr]    Compiling schemars v0.8.8
[INFO] [stderr]     Checking dyn-clone v1.0.4
[INFO] [stderr]     Checking der v0.4.1
[INFO] [stderr]     Checking uint v0.9.1
[INFO] [stderr]     Checking spki v0.4.0
[INFO] [stderr]     Checking pkcs8 v0.7.5
[INFO] [stderr]    Compiling quote v1.0.9
[INFO] [stderr]     Checking getrandom v0.2.3
[INFO] [stderr]     Checking getrandom v0.1.16
[INFO] [stderr]     Checking rand_core v0.6.3
[INFO] [stderr]     Checking rand_core v0.5.1
[INFO] [stderr]     Checking ff v0.10.0
[INFO] [stderr]     Checking group v0.10.0
[INFO] [stderr]     Checking digest v0.9.0
[INFO] [stderr]     Checking block-buffer v0.9.0
[INFO] [stderr]     Checking crypto-bigint v0.2.2
[INFO] [stderr]     Checking crypto-mac v0.11.1
[INFO] [stderr]     Checking signature v1.3.1
[INFO] [stderr]     Checking sha2 v0.9.5
[INFO] [stderr]     Checking hmac v0.11.0
[INFO] [stderr]     Checking curve25519-dalek v3.2.0
[INFO] [stderr]     Checking elliptic-curve v0.10.5
[INFO] [stderr]     Checking ecdsa v0.12.3
[INFO] [stderr]     Checking k256 v0.9.6
[INFO] [stderr]    Compiling serde_derive_internals v0.25.0
[INFO] [stderr]    Compiling thiserror-impl v1.0.26
[INFO] [stderr]    Compiling schemars_derive v0.8.8
[INFO] [stderr]    Compiling cosmwasm-derive v0.16.3
[INFO] [stderr]     Checking thiserror v1.0.26
[INFO] [stderr]     Checking ed25519-zebra v2.2.0
[INFO] [stderr]     Checking serde-json-wasm v0.3.2
[INFO] [stderr]     Checking cosmwasm-crypto v0.16.3
[INFO] [stderr]     Checking cosmwasm-std v0.16.3
[INFO] [stderr]     Checking cosmwasm-schema v0.16.0
[INFO] [stderr]     Checking cw0 v0.9.1
[INFO] [stderr]     Checking cw-storage-plus v0.8.1
[INFO] [stderr]     Checking cosmwasm-storage v0.16.0
[INFO] [stderr]     Checking cw20 v0.9.1
[INFO] [stderr]     Checking cw721 v0.9.2
[INFO] [stderr]     Checking cw2 v0.8.1
[INFO] [stderr]     Checking cw-marketplace v0.1.0 (/opt/rustwide/workdir)
[INFO] [stdout] error[E0433]: failed to resolve: use of undeclared crate or module `solana_program`
[INFO] [stdout]  --> src/utils.rs:1:5
[INFO] [stdout]   |
[INFO] [stdout] 1 | use solana_program::program_pack::IsInitialized;
[INFO] [stdout]   |     ^^^^^^^^^^^^^^ use of undeclared crate or module `solana_program`
[INFO] [stdout] 
[INFO] [stdout] 
[INFO] [stdout] error[E0433]: failed to resolve: use of undeclared crate or module `solana_program`
[INFO] [stdout]  --> src/utils.rs:1:5
[INFO] [stdout]   |
[INFO] [stdout] 1 | use solana_program::program_pack::IsInitialized;
[INFO] [stdout]   |     ^^^^^^^^^^^^^^ use of undeclared crate or module `solana_program`
[INFO] [stdout] 
[INFO] [stdout] 
[INFO] [stdout] error[E0433]: failed to resolve: use of undeclared crate or module `solana_program`
[INFO] [stdout]  --> src/utils.rs:5:5
[INFO] [stdout]   |
[INFO] [stdout] 5 |     solana_program::{
[INFO] [stdout]   |     ^^^^^^^^^^^^^^ use of undeclared crate or module `solana_program`
[INFO] [stdout] 
[INFO] [stdout] 
[INFO] [stdout] error[E0433]: failed to resolve: use of undeclared crate or module `solana_program`
[INFO] [stdout]  --> src/utils.rs:5:5
[INFO] [stdout]   |
[INFO] [stdout] 5 |     solana_program::{
[INFO] [stdout]   |     ^^^^^^^^^^^^^^ use of undeclared crate or module `solana_program`
[INFO] [stdout] 
[INFO] [stdout] 
[INFO] [stdout] error[E0432]: unresolved import `solana_program`
[INFO] [stdout]  --> src/utils.rs:5:5
[INFO] [stdout]   |
[INFO] [stdout] 5 |     solana_program::{
[INFO] [stdout]   |     ^^^^^^^^^^^^^^ use of undeclared crate or module `solana_program`
[INFO] [stdout] 
[INFO] [stdout] 
[INFO] [stdout] error[E0433]: failed to resolve: use of undeclared crate or module `solana_program`
[INFO] [stdout]  --> src/errors.rs:3:5
[INFO] [stdout]   |
[INFO] [stdout] 3 |     solana_program::{
[INFO] [stdout]   |     ^^^^^^^^^^^^^^ use of undeclared crate or module `solana_program`
[INFO] [stdout] 
[INFO] [stdout] 
[INFO] [stdout] error[E0432]: unresolved imports `num_derive`, `solana_program`
[INFO] [stdout]  --> src/errors.rs:2:5
[INFO] [stdout]   |
[INFO] [stdout] 2 |     num_derive::FromPrimitive,
[INFO] [stdout]   |     ^^^^^^^^^^ use of undeclared crate or module `num_derive`
[INFO] [stdout] 3 |     solana_program::{
[INFO] [stdout]   |     ^^^^^^^^^^^^^^ use of undeclared crate or module `solana_program`
[INFO] [stdout] 
[INFO] [stdout] 
[INFO] [stdout] error[E0433]: failed to resolve: use of undeclared crate or module `solana_program`
[INFO] [stdout]  --> src/instruction.rs:3:5
[INFO] [stdout]   |
[INFO] [stdout] 3 | use solana_program::{
[INFO] [stdout]   |     ^^^^^^^^^^^^^^ use of undeclared crate or module `solana_program`
[INFO] [stdout] 
[INFO] [stdout] 
[INFO] [stdout] error[E0432]: unresolved import `borsh`
[INFO] [stdout]  --> src/instruction.rs:2:5
[INFO] [stdout]   |
[INFO] [stdout] 2 | use borsh::{BorshDeserialize, BorshSerialize};
[INFO] [stdout]   |     ^^^^^ use of undeclared crate or module `borsh`
[INFO] [stdout] 
[INFO] [stdout] 
[INFO] [stdout] error[E0432]: unresolved import `solana_program`
[INFO] [stdout]  --> src/instruction.rs:3:5
[INFO] [stdout]   |
[INFO] [stdout] 3 | use solana_program::{
[INFO] [stdout]   |     ^^^^^^^^^^^^^^ use of undeclared crate or module `solana_program`
[INFO] [stdout] 
[INFO] [stdout] 
[INFO] [stdout] error[E0432]: unresolved import `arrayref`
[INFO] [stdout]  --> src/processor.rs:2:5
[INFO] [stdout]   |
[INFO] [stdout] 2 | use arrayref::array_ref;
[INFO] [stdout]   |     ^^^^^^^^ use of undeclared crate or module `arrayref`
[INFO] [stdout] 
[INFO] [stdout] 
[INFO] [stdout] error[E0433]: failed to resolve: use of undeclared crate or module `solana_program`
[INFO] [stdout]  --> src/processor.rs:4:5
[INFO] [stdout]   |
[INFO] [stdout] 4 | use solana_program::{
[INFO] [stdout]   |     ^^^^^^^^^^^^^^ use of undeclared crate or module `solana_program`
[INFO] [stdout] 
[INFO] [stdout] 
[INFO] [stdout] error[E0432]: unresolved import `borsh`
[INFO] [stdout]  --> src/processor.rs:3:5
[INFO] [stdout]   |
[INFO] [stdout] 3 | use borsh::{BorshDeserialize, BorshSerialize};
[INFO] [stdout]   |     ^^^^^ use of undeclared crate or module `borsh`
[INFO] [stdout] 
[INFO] [stdout] 
[INFO] [stdout] error[E0432]: unresolved import `solana_program`
[INFO] [stdout]  --> src/processor.rs:4:5
[INFO] [stdout]   |
[INFO] [stdout] 4 | use solana_program::{
[INFO] [stdout]   |     ^^^^^^^^^^^^^^ use of undeclared crate or module `solana_program`
[INFO] [stdout] 
[INFO] [stdout] 
[INFO] [stdout] error[E0433]: failed to resolve: use of undeclared crate or module `solana_program`
[INFO] [stdout]   --> src/processor/cancel_bid.rs:22:5
[INFO] [stdout]    |
[INFO] [stdout] 22 |     solana_program::{
[INFO] [stdout]    |     ^^^^^^^^^^^^^^ use of undeclared crate or module `solana_program`
[INFO] [stdout] 
[INFO] [stdout] 
[INFO] [stdout] error[E0432]: unresolved import `solana_program`
[INFO] [stdout]  --> src/utils.rs:5:5
[INFO] [stdout]   |
[INFO] [stdout] 5 |     solana_program::{
[INFO] [stdout]   |     ^^^^^^^^^^^^^^ use of undeclared crate or module `solana_program`
[INFO] [stdout] 
[INFO] [stdout] 
[INFO] [stdout] error[E0433]: failed to resolve: use of undeclared crate or module `spl_token`
[INFO] [stdout]   --> src/processor/cancel_bid.rs:33:5
[INFO] [stdout]    |
[INFO] [stdout] 33 |     spl_token::state::Account,
[INFO] [stdout]    |     ^^^^^^^^^ use of undeclared crate or module `spl_token`
[INFO] [stdout] 
[INFO] [stdout] 
[INFO] [stdout] error[E0433]: failed to resolve: use of undeclared crate or module `solana_program`
[INFO] [stdout]  --> src/errors.rs:3:5
[INFO] [stdout]   |
[INFO] [stdout] 3 |     solana_program::{
[INFO] [stdout]   |     ^^^^^^^^^^^^^^ use of undeclared crate or module `solana_program`
[INFO] [stdout] 
[INFO] [stdout] 
[INFO] [stdout] error[E0432]: unresolved imports `borsh`, `solana_program`
[INFO] [stdout]   --> src/processor/cancel_bid.rs:21:5
[INFO] [stdout]    |
[INFO] [stdout] 21 |     borsh::{BorshDeserialize, BorshSerialize},
[INFO] [stdout]    |     ^^^^^ use of undeclared crate or module `borsh`
[INFO] [stdout] 22 |     solana_program::{
[INFO] [stdout]    |     ^^^^^^^^^^^^^^ use of undeclared crate or module `solana_program`
[INFO] [stdout] 
[INFO] [stdout] 
[INFO] [stdout] error[E0432]: unresolved imports `num_derive`, `solana_program`
[INFO] [stdout]  --> src/errors.rs:2:5
[INFO] [stdout]   |
[INFO] [stdout] 2 |     num_derive::FromPrimitive,
[INFO] [stdout]   |     ^^^^^^^^^^ use of undeclared crate or module `num_derive`
[INFO] [stdout] 3 |     solana_program::{
[INFO] [stdout]   |     ^^^^^^^^^^^^^^ use of undeclared crate or module `solana_program`
[INFO] [stdout] 
[INFO] [stdout] 
[INFO] [stdout] error[E0433]: failed to resolve: use of undeclared crate or module `solana_program`
[INFO] [stdout]   --> src/processor/claim_bid.rs:17:5
[INFO] [stdout]    |
[INFO] [stdout] 17 |     solana_program::{
[INFO] [stdout]    |     ^^^^^^^^^^^^^^ use of undeclared crate or module `solana_program`
[INFO] [stdout] 
[INFO] [stdout] 
[INFO] [stdout] error[E0433]: failed to resolve: use of undeclared crate or module `solana_program`
[INFO] [stdout]  --> src/instruction.rs:3:5
[INFO] [stdout]   |
[INFO] [stdout] 3 | use solana_program::{
[INFO] [stdout]   |     ^^^^^^^^^^^^^^ use of undeclared crate or module `solana_program`
[INFO] [stdout] 
[INFO] [stdout] 
[INFO] [stdout] error[E0432]: unresolved import `borsh`
[INFO] [stdout]  --> src/instruction.rs:2:5
[INFO] [stdout]   |
[INFO] [stdout] 2 | use borsh::{BorshDeserialize, BorshSerialize};
[INFO] [stdout]   |     ^^^^^ use of undeclared crate or module `borsh`
[INFO] [stdout] 
[INFO] [stdout] 
[INFO] [stdout] error[E0433]: failed to resolve: use of undeclared crate or module `spl_token`
[INFO] [stdout]   --> src/processor/claim_bid.rs:28:5
[INFO] [stdout]    |
[INFO] [stdout] 28 |     spl_token::state::Account,
[INFO] [stdout]    |     ^^^^^^^^^ use of undeclared crate or module `spl_token`
[INFO] [stdout] 
[INFO] [stdout] 
[INFO] [stdout] error[E0432]: unresolved import `solana_program`
[INFO] [stdout]  --> src/instruction.rs:3:5
[INFO] [stdout]   |
[INFO] [stdout] 3 | use solana_program::{
[INFO] [stdout]   |     ^^^^^^^^^^^^^^ use of undeclared crate or module `solana_program`
[INFO] [stdout] 
[INFO] [stdout] 
[INFO] [stdout] error[E0432]: unresolved imports `borsh`, `solana_program`
[INFO] [stdout]   --> src/processor/claim_bid.rs:16:5
[INFO] [stdout]    |
[INFO] [stdout] 16 |     borsh::{BorshDeserialize, BorshSerialize},
[INFO] [stdout]    |     ^^^^^ use of undeclared crate or module `borsh`
[INFO] [stdout] 17 |     solana_program::{
[INFO] [stdout]    |     ^^^^^^^^^^^^^^ use of undeclared crate or module `solana_program`
[INFO] [stdout] 
[INFO] [stdout] 
[INFO] [stdout] error[E0432]: unresolved import `arrayref`
[INFO] [stdout]  --> src/processor.rs:2:5
[INFO] [stdout]   |
[INFO] [stdout] 2 | use arrayref::array_ref;
[INFO] [stdout]   |     ^^^^^^^^ use of undeclared crate or module `arrayref`
[INFO] [stdout] 
[INFO] [stdout] 
[INFO] [stdout] error[E0433]: failed to resolve: use of undeclared crate or module `solana_program`
[INFO] [stdout]   --> src/processor/create_auction.rs:15:5
[INFO] [stdout]    |
[INFO] [stdout] 15 |     solana_program::{
[INFO] [stdout]    |     ^^^^^^^^^^^^^^ use of undeclared crate or module `solana_program`
[INFO] [stdout] 
[INFO] [stdout] 
[INFO] [stdout] error[E0433]: failed to resolve: use of undeclared crate or module `solana_program`
[INFO] [stdout]  --> src/processor.rs:4:5
[INFO] [stdout]   |
[INFO] [stdout] 4 | use solana_program::{
[INFO] [stdout]   |     ^^^^^^^^^^^^^^ use of undeclared crate or module `solana_program`
[INFO] [stdout] 
[INFO] [stdout] 
[INFO] [stdout] error[E0432]: unresolved import `borsh`
[INFO] [stdout]  --> src/processor.rs:3:5
[INFO] [stdout]   |
[INFO] [stdout] 3 | use borsh::{BorshDeserialize, BorshSerialize};
[INFO] [stdout]   |     ^^^^^ use of undeclared crate or module `borsh`
[INFO] [stdout] 
[INFO] [stdout] 
[INFO] [stdout] error[E0432]: unresolved imports `borsh`, `solana_program`
[INFO] [stdout]   --> src/processor/create_auction.rs:14:5
[INFO] [stdout]    |
[INFO] [stdout] 14 |     borsh::{BorshDeserialize, BorshSerialize},
[INFO] [stdout]    |     ^^^^^ use of undeclared crate or module `borsh`
[INFO] [stdout] 15 |     solana_program::{
[INFO] [stdout]    |     ^^^^^^^^^^^^^^ use of undeclared crate or module `solana_program`
[INFO] [stdout] 
[INFO] [stdout] 
[INFO] [stdout] error[E0432]: unresolved import `solana_program`
[INFO] [stdout]  --> src/processor.rs:4:5
[INFO] [stdout]   |
[INFO] [stdout] 4 | use solana_program::{
[INFO] [stdout]   |     ^^^^^^^^^^^^^^ use of undeclared crate or module `solana_program`
[INFO] [stdout] 
[INFO] [stdout] 
[INFO] [stdout] error[E0433]: failed to resolve: use of undeclared crate or module `solana_program`
[INFO] [stdout]   --> src/processor/create_auction_v2.rs:16:5
[INFO] [stdout]    |
[INFO] [stdout] 16 |     solana_program::{
[INFO] [stdout]    |     ^^^^^^^^^^^^^^ use of undeclared crate or module `solana_program`
[INFO] [stdout] 
[INFO] [stdout] 
[INFO] [stdout] error[E0433]: failed to resolve: use of undeclared crate or module `solana_program`
[INFO] [stdout]   --> src/processor/cancel_bid.rs:22:5
[INFO] [stdout]    |
[INFO] [stdout] 22 |     solana_program::{
[INFO] [stdout]    |     ^^^^^^^^^^^^^^ use of undeclared crate or module `solana_program`
[INFO] [stdout] 
[INFO] [stdout] 
[INFO] [stdout] error[E0432]: unresolved imports `borsh`, `solana_program`
[INFO] [stdout]   --> src/processor/create_auction_v2.rs:15:5
[INFO] [stdout]    |
[INFO] [stdout] 15 |     borsh::{BorshDeserialize, BorshSerialize},
[INFO] [stdout]    |     ^^^^^ use of undeclared crate or module `borsh`
[INFO] [stdout] 16 |     solana_program::{
[INFO] [stdout]    |     ^^^^^^^^^^^^^^ use of undeclared crate or module `solana_program`
[INFO] [stdout] 
[INFO] [stdout] 
[INFO] [stdout] error[E0433]: failed to resolve: use of undeclared crate or module `solana_program`
[INFO] [stdout]   --> src/processor/end_auction.rs:10:5
[INFO] [stdout]    |
[INFO] [stdout] 10 |     solana_program::{
[INFO] [stdout]    |     ^^^^^^^^^^^^^^ use of undeclared crate or module `solana_program`
[INFO] [stdout] 
[INFO] [stdout] 
[INFO] [stdout] error[E0433]: failed to resolve: use of undeclared crate or module `spl_token`
[INFO] [stdout]   --> src/processor/cancel_bid.rs:33:5
[INFO] [stdout]    |
[INFO] [stdout] 33 |     spl_token::state::Account,
[INFO] [stdout]    |     ^^^^^^^^^ use of undeclared crate or module `spl_token`
[INFO] [stdout] 
[INFO] [stdout] 
[INFO] [stdout] error[E0432]: unresolved imports `borsh`, `solana_program`
[INFO] [stdout]   --> src/processor/cancel_bid.rs:21:5
[INFO] [stdout]    |
[INFO] [stdout] 21 |     borsh::{BorshDeserialize, BorshSerialize},
[INFO] [stdout]    |     ^^^^^ use of undeclared crate or module `borsh`
[INFO] [stdout] 22 |     solana_program::{
[INFO] [stdout]    |     ^^^^^^^^^^^^^^ use of undeclared crate or module `solana_program`
[INFO] [stdout] 
[INFO] [stdout] 
[INFO] [stdout] error[E0433]: failed to resolve: use of undeclared crate or module `solana_program`
[INFO] [stdout]   --> src/processor/claim_bid.rs:17:5
[INFO] [stdout]    |
[INFO] [stdout] 17 |     solana_program::{
[INFO] [stdout]    |     ^^^^^^^^^^^^^^ use of undeclared crate or module `solana_program`
[INFO] [stdout] 
[INFO] [stdout] 
[INFO] [stdout] error[E0432]: unresolved imports `borsh`, `solana_program`
[INFO] [stdout]   --> src/processor/end_auction.rs:9:5
[INFO] [stdout]    |
[INFO] [stdout] 9  |     borsh::{BorshDeserialize, BorshSerialize},
[INFO] [stdout]    |     ^^^^^ use of undeclared crate or module `borsh`
[INFO] [stdout] 10 |     solana_program::{
[INFO] [stdout]    |     ^^^^^^^^^^^^^^ use of undeclared crate or module `solana_program`
[INFO] [stdout] 
[INFO] [stdout] 
[INFO] [stdout] error[E0433]: failed to resolve: use of undeclared crate or module `spl_token`
[INFO] [stdout]   --> src/processor/claim_bid.rs:28:5
[INFO] [stdout]    |
[INFO] [stdout] 28 |     spl_token::state::Account,
[INFO] [stdout]    |     ^^^^^^^^^ use of undeclared crate or module `spl_token`
[INFO] [stdout] 
[INFO] [stdout] 
[INFO] [stdout] error[E0432]: unresolved import `borsh`
[INFO] [stdout]   --> src/processor/place_bid.rs:13:5
[INFO] [stdout]    |
[INFO] [stdout] 13 | use borsh::try_to_vec_with_schema;
[INFO] [stdout]    |     ^^^^^ use of undeclared crate or module `borsh`
[INFO] [stdout] 
[INFO] [stdout] 
[INFO] [stdout] error[E0433]: failed to resolve: use of undeclared crate or module `solana_program`
[INFO] [stdout]   --> src/processor/place_bid.rs:32:5
[INFO] [stdout]    |
[INFO] [stdout] 32 |     solana_program::{
[INFO] [stdout]    |     ^^^^^^^^^^^^^^ use of undeclared crate or module `solana_program`
[INFO] [stdout] 
[INFO] [stdout] 
[INFO] [stdout] error[E0432]: unresolved imports `borsh`, `solana_program`
[INFO] [stdout]   --> src/processor/claim_bid.rs:16:5
[INFO] [stdout]    |
[INFO] [stdout] 16 |     borsh::{BorshDeserialize, BorshSerialize},
[INFO] [stdout]    |     ^^^^^ use of undeclared crate or module `borsh`
[INFO] [stdout] 17 |     solana_program::{
[INFO] [stdout]    |     ^^^^^^^^^^^^^^ use of undeclared crate or module `solana_program`
[INFO] [stdout] 
[INFO] [stdout] 
[INFO] [stdout] error[E0433]: failed to resolve: use of undeclared crate or module `solana_program`
[INFO] [stdout]   --> src/processor/create_auction.rs:15:5
[INFO] [stdout]    |
[INFO] [stdout] 15 |     solana_program::{
[INFO] [stdout]    |     ^^^^^^^^^^^^^^ use of undeclared crate or module `solana_program`
[INFO] [stdout] 
[INFO] [stdout] 
[INFO] [stdout] error[E0433]: failed to resolve: use of undeclared crate or module `spl_token`
[INFO] [stdout]   --> src/processor/place_bid.rs:46:5
[INFO] [stdout]    |
[INFO] [stdout] 46 |     spl_token::state::Account,
[INFO] [stdout]    |     ^^^^^^^^^ use of undeclared crate or module `spl_token`
[INFO] [stdout] 
[INFO] [stdout] 
[INFO] [stdout] error[E0432]: unresolved imports `borsh`, `solana_program`
[INFO] [stdout]   --> src/processor/create_auction.rs:14:5
[INFO] [stdout]    |
[INFO] [stdout] 14 |     borsh::{BorshDeserialize, BorshSerialize},
[INFO] [stdout]    |     ^^^^^ use of undeclared crate or module `borsh`
[INFO] [stdout] 15 |     solana_program::{
[INFO] [stdout]    |     ^^^^^^^^^^^^^^ use of undeclared crate or module `solana_program`
[INFO] [stdout] 
[INFO] [stdout] 
[INFO] [stdout] error[E0432]: unresolved imports `borsh`, `solana_program`
[INFO] [stdout]   --> src/processor/place_bid.rs:31:5
[INFO] [stdout]    |
[INFO] [stdout] 31 |     borsh::{BorshDeserialize, BorshSerialize},
[INFO] [stdout]    |     ^^^^^ use of undeclared crate or module `borsh`
[INFO] [stdout] 32 |     solana_program::{
[INFO] [stdout]    |     ^^^^^^^^^^^^^^ use of undeclared crate or module `solana_program`
[INFO] [stdout] 
[INFO] [stdout] 
[INFO] [stdout] error[E0433]: failed to resolve: use of undeclared crate or module `solana_program`
[INFO] [stdout]   --> src/processor/set_authority.rs:12:5
[INFO] [stdout]    |
[INFO] [stdout] 12 |     solana_program::{
[INFO] [stdout]    |     ^^^^^^^^^^^^^^ use of undeclared crate or module `solana_program`
[INFO] [stdout] 
[INFO] [stdout] 
[INFO] [stdout] error[E0433]: failed to resolve: use of undeclared crate or module `solana_program`
[INFO] [stdout]   --> src/processor/create_auction_v2.rs:16:5
[INFO] [stdout]    |
[INFO] [stdout] 16 |     solana_program::{
[INFO] [stdout]    |     ^^^^^^^^^^^^^^ use of undeclared crate or module `solana_program`
[INFO] [stdout] 
[INFO] [stdout] 
[INFO] [stdout] error[E0432]: unresolved imports `borsh`, `solana_program`
[INFO] [stdout]   --> src/processor/create_auction_v2.rs:15:5
[INFO] [stdout]    |
[INFO] [stdout] 15 |     borsh::{BorshDeserialize, BorshSerialize},
[INFO] [stdout]    |     ^^^^^ use of undeclared crate or module `borsh`
[INFO] [stdout] 16 |     solana_program::{
[INFO] [stdout]    |     ^^^^^^^^^^^^^^ use of undeclared crate or module `solana_program`
[INFO] [stdout] 
[INFO] [stdout] 
[INFO] [stdout] error[E0432]: unresolved imports `borsh`, `solana_program`
[INFO] [stdout]   --> src/processor/set_authority.rs:11:5
[INFO] [stdout]    |
[INFO] [stdout] 11 |     borsh::{BorshDeserialize, BorshSerialize},
[INFO] [stdout]    |     ^^^^^ use of undeclared crate or module `borsh`
[INFO] [stdout] 12 |     solana_program::{
[INFO] [stdout]    |     ^^^^^^^^^^^^^^ use of undeclared crate or module `solana_program`
[INFO] [stdout] 
[INFO] [stdout] 
[INFO] [stdout] error[E0433]: failed to resolve: use of undeclared crate or module `solana_program`
[INFO] [stdout]   --> src/processor/end_auction.rs:10:5
[INFO] [stdout]    |
[INFO] [stdout] 10 |     solana_program::{
[INFO] [stdout]    |     ^^^^^^^^^^^^^^ use of undeclared crate or module `solana_program`
[INFO] [stdout] 
[INFO] [stdout] 
[INFO] [stdout] error[E0433]: failed to resolve: use of undeclared crate or module `solana_program`
[INFO] [stdout]   --> src/processor/start_auction.rs:10:5
[INFO] [stdout]    |
[INFO] [stdout] 10 |     solana_program::{
[INFO] [stdout]    |     ^^^^^^^^^^^^^^ use of undeclared crate or module `solana_program`
[INFO] [stdout] 
[INFO] [stdout] 
[INFO] [stdout] error[E0432]: unresolved imports `borsh`, `solana_program`
[INFO] [stdout]   --> src/processor/end_auction.rs:9:5
[INFO] [stdout]    |
[INFO] [stdout] 9  |     borsh::{BorshDeserialize, BorshSerialize},
[INFO] [stdout]    |     ^^^^^ use of undeclared crate or module `borsh`
[INFO] [stdout] 10 |     solana_program::{
[INFO] [stdout]    |     ^^^^^^^^^^^^^^ use of undeclared crate or module `solana_program`
[INFO] [stdout] 
[INFO] [stdout] 
[INFO] [stdout] error[E0432]: unresolved imports `borsh`, `solana_program`
[INFO] [stdout]   --> src/processor/start_auction.rs:9:5
[INFO] [stdout]    |
[INFO] [stdout] 9  |     borsh::{BorshDeserialize, BorshSerialize},
[INFO] [stdout]    |     ^^^^^ use of undeclared crate or module `borsh`
[INFO] [stdout] 10 |     solana_program::{
[INFO] [stdout]    |     ^^^^^^^^^^^^^^ use of undeclared crate or module `solana_program`
[INFO] [stdout] 
[INFO] [stdout] 
[INFO] [stdout] error[E0432]: unresolved import `borsh`
[INFO] [stdout]   --> src/processor/place_bid.rs:13:5
[INFO] [stdout]    |
[INFO] [stdout] 13 | use borsh::try_to_vec_with_schema;
[INFO] [stdout]    |     ^^^^^ use of undeclared crate or module `borsh`
[INFO] [stdout] 
[INFO] [stdout] 
[INFO] [stdout] error[E0433]: failed to resolve: use of undeclared crate or module `solana_program`
[INFO] [stdout]   --> src/processor/place_bid.rs:32:5
[INFO] [stdout]    |
[INFO] [stdout] 32 |     solana_program::{
[INFO] [stdout]    |     ^^^^^^^^^^^^^^ use of undeclared crate or module `solana_program`
[INFO] [stdout] 
[INFO] [stdout] 
[INFO] [stdout] error[E0433]: failed to resolve: use of undeclared crate or module `solana_program`
[INFO] [stdout]   --> src/lib.rs:14:1
[INFO] [stdout]    |
[INFO] [stdout] 14 | solana_program::declare_id!("auctxRXPeJoc4817jDhf4HbjnhEcr1cCXenosMhK5R8");
[INFO] [stdout]    | ^^^^^^^^^^^^^^ use of undeclared crate or module `solana_program`
[INFO] [stdout] 
[INFO] [stdout] 
[INFO] [stdout] error[E0433]: failed to resolve: use of undeclared crate or module `spl_token`
[INFO] [stdout]   --> src/processor/place_bid.rs:46:5
[INFO] [stdout]    |
[INFO] [stdout] 46 |     spl_token::state::Account,
[INFO] [stdout]    |     ^^^^^^^^^ use of undeclared crate or module `spl_token`
[INFO] [stdout] 
[INFO] [stdout] 
[INFO] [stdout] error: cannot determine resolution for the macro `msg`
[INFO] [stdout]   --> src/utils.rs:40:9
[INFO] [stdout]    |
[INFO] [stdout] 40 |         msg!(
[INFO] [stdout]    |         ^^^
[INFO] [stdout]    |
[INFO] [stdout]    = note: import resolution is stuck, try simplifying macro imports
[INFO] [stdout] 
[INFO] [stdout] 
[INFO] [stdout] error[E0432]: unresolved imports `borsh`, `solana_program`
[INFO] [stdout]   --> src/processor/place_bid.rs:31:5
[INFO] [stdout]    |
[INFO] [stdout] 31 |     borsh::{BorshDeserialize, BorshSerialize},
[INFO] [stdout]    |     ^^^^^ use of undeclared crate or module `borsh`
[INFO] [stdout] 32 |     solana_program::{
[INFO] [stdout]    |     ^^^^^^^^^^^^^^ use of undeclared crate or module `solana_program`
[INFO] [stdout] 
[INFO] [stdout] 
[INFO] [stdout] error: cannot determine resolution for the macro `msg`
[INFO] [stdout]   --> src/utils.rs:97:9
[INFO] [stdout]    |
[INFO] [stdout] 97 |         msg!("Transfer {} lamports to the new account", required_lamports);
[INFO] [stdout]    |         ^^^
[INFO] [stdout]    |
[INFO] [stdout]    = note: import resolution is stuck, try simplifying macro imports
[INFO] [stdout] 
[INFO] [stdout] 
[INFO] [stdout] error[E0433]: failed to resolve: use of undeclared crate or module `solana_program`
[INFO] [stdout]   --> src/processor/set_authority.rs:12:5
[INFO] [stdout]    |
[INFO] [stdout] 12 |     solana_program::{
[INFO] [stdout]    |     ^^^^^^^^^^^^^^ use of undeclared crate or module `solana_program`
[INFO] [stdout] 
[INFO] [stdout] 
[INFO] [stdout] error: cannot determine resolution for the macro `msg`
[INFO] [stdout]    --> src/utils.rs:108:5
[INFO] [stdout]     |
[INFO] [stdout] 108 |     msg!("Allocate space for the account");
[INFO] [stdout]     |     ^^^
[INFO] [stdout]     |
[INFO] [stdout]     = note: import resolution is stuck, try simplifying macro imports
[INFO] [stdout] 
[INFO] [stdout] 
[INFO] [stdout] error: cannot determine resolution for the macro `msg`
[INFO] [stdout]    --> src/utils.rs:115:5
[INFO] [stdout]     |
[INFO] [stdout] 115 |     msg!("Assign the account to the owning program");
[INFO] [stdout]     |     ^^^
[INFO] [stdout]     |
[INFO] [stdout]     = note: import resolution is stuck, try simplifying macro imports
[INFO] [stdout] 
[INFO] [stdout] 
[INFO] [stdout] error[E0432]: unresolved imports `borsh`, `solana_program`
[INFO] [stdout]   --> src/processor/set_authority.rs:11:5
[INFO] [stdout]    |
[INFO] [stdout] 11 |     borsh::{BorshDeserialize, BorshSerialize},
[INFO] [stdout]    |     ^^^^^ use of undeclared crate or module `borsh`
[INFO] [stdout] 12 |     solana_program::{
[INFO] [stdout]    |     ^^^^^^^^^^^^^^ use of undeclared crate or module `solana_program`
[INFO] [stdout] 
[INFO] [stdout] 
[INFO] [stdout] error: cannot determine resolution for the macro `msg`
[INFO] [stdout]    --> src/utils.rs:121:5
[INFO] [stdout]     |
[INFO] [stdout] 121 |     msg!("Completed assignation!");
[INFO] [stdout]     |     ^^^
[INFO] [stdout]     |
[INFO] [stdout]     = note: import resolution is stuck, try simplifying macro imports
[INFO] [stdout] 
[INFO] [stdout] 
[INFO] [stdout] error[E0433]: failed to resolve: use of undeclared crate or module `solana_program`
[INFO] [stdout]   --> src/processor/start_auction.rs:10:5
[INFO] [stdout]    |
[INFO] [stdout] 10 |     solana_program::{
[INFO] [stdout]    |     ^^^^^^^^^^^^^^ use of undeclared crate or module `solana_program`
[INFO] [stdout] 
[INFO] [stdout] 
[INFO] [stdout] error: cannot determine resolution for the derive macro `FromPrimitive`
[INFO] [stdout]   --> src/errors.rs:12:35
[INFO] [stdout]    |
[INFO] [stdout] 12 | #[derive(Clone, Debug, Eq, Error, FromPrimitive, PartialEq)]
[INFO] [stdout]    |                                   ^^^^^^^^^^^^^
[INFO] [stdout]    |
[INFO] [stdout]    = note: import resolution is stuck, try simplifying macro imports
[INFO] [stdout] 
[INFO] [stdout] 
[INFO] [stdout] error: cannot determine resolution for the macro `msg`
[INFO] [stdout]    --> src/errors.rs:141:9
[INFO] [stdout]     |
[INFO] [stdout] 141 |         msg!(&self.to_string());
[INFO] [stdout]     |         ^^^
[INFO] [stdout]     |
[INFO] [stdout]     = note: import resolution is stuck, try simplifying macro imports
[INFO] [stdout] 
[INFO] [stdout] 
[INFO] [stdout] error: cannot determine resolution for the derive macro `BorshSerialize`
[INFO] [stdout]   --> src/instruction.rs:15:17
[INFO] [stdout]    |
[INFO] [stdout] 15 | #[derive(Clone, BorshSerialize, BorshDeserialize, PartialEq)]
[INFO] [stdout]    |                 ^^^^^^^^^^^^^^
[INFO] [stdout]    |
[INFO] [stdout]    = note: import resolution is stuck, try simplifying macro imports
[INFO] [stdout] 
[INFO] [stdout] 
[INFO] [stdout] error: cannot determine resolution for the derive macro `BorshDeserialize`
[INFO] [stdout]   --> src/instruction.rs:15:33
[INFO] [stdout]    |
[INFO] [stdout] 15 | #[derive(Clone, BorshSerialize, BorshDeserialize, PartialEq)]
[INFO] [stdout]    |                                 ^^^^^^^^^^^^^^^^
[INFO] [stdout]    |
[INFO] [stdout]    = note: import resolution is stuck, try simplifying macro imports
[INFO] [stdout] 
[INFO] [stdout] 
[INFO] [stdout] error[E0432]: unresolved imports `borsh`, `solana_program`
[INFO] [stdout]   --> src/processor/start_auction.rs:9:5
[INFO] [stdout]    |
[INFO] [stdout] 9  |     borsh::{BorshDeserialize, BorshSerialize},
[INFO] [stdout]    |     ^^^^^ use of undeclared crate or module `borsh`
[INFO] [stdout] 10 |     solana_program::{
[INFO] [stdout]    |     ^^^^^^^^^^^^^^ use of undeclared crate or module `solana_program`
[INFO] [stdout] 
[INFO] [stdout] 
[INFO] [stdout] error: cannot determine resolution for the derive macro `BorshSerialize`
[INFO] [stdout]   --> src/processor/cancel_bid.rs:37:17
[INFO] [stdout]    |
[INFO] [stdout] 37 | #[derive(Clone, BorshSerialize, BorshDeserialize, PartialEq)]
[INFO] [stdout]    |                 ^^^^^^^^^^^^^^
[INFO] [stdout]    |
[INFO] [stdout]    = note: import resolution is stuck, try simplifying macro imports
[INFO] [stdout] 
[INFO] [stdout] 
[INFO] [stdout] error: cannot determine resolution for the derive macro `BorshDeserialize`
[INFO] [stdout]   --> src/processor/cancel_bid.rs:37:33
[INFO] [stdout]    |
[INFO] [stdout] 37 | #[derive(Clone, BorshSerialize, BorshDeserialize, PartialEq)]
[INFO] [stdout]    |                                 ^^^^^^^^^^^^^^^^
[INFO] [stdout]    |
[INFO] [stdout]    = note: import resolution is stuck, try simplifying macro imports
[INFO] [stdout] 
[INFO] [stdout] 
[INFO] [stdout] error: cannot determine resolution for the macro `msg`
[INFO] [stdout]   --> src/processor/cancel_bid.rs:98:5
[INFO] [stdout]    |
[INFO] [stdout] 98 |     msg!("+ Processing Cancelbid");
[INFO] [stdout]    |     ^^^
[INFO] [stdout]    |
[INFO] [stdout]    = note: import resolution is stuck, try simplifying macro imports
[INFO] [stdout] 
[INFO] [stdout] 
[INFO] [stdout] error: cannot determine resolution for the macro `msg`
[INFO] [stdout]    --> src/processor/cancel_bid.rs:237:9
[INFO] [stdout]     |
[INFO] [stdout] 237 |         msg!("Already cancelled is {:?}", already_cancelled);
[INFO] [stdout]     |         ^^^
[INFO] [stdout]     |
[INFO] [stdout]     = note: import resolution is stuck, try simplifying macro imports
[INFO] [stdout] 
[INFO] [stdout] 
[INFO] [stdout] error: cannot determine resolution for the derive macro `BorshSerialize`
[INFO] [stdout]   --> src/processor/claim_bid.rs:32:17
[INFO] [stdout]    |
[INFO] [stdout] 32 | #[derive(Clone, BorshSerialize, BorshDeserialize, PartialEq)]
[INFO] [stdout]    |                 ^^^^^^^^^^^^^^
[INFO] [stdout]    |
[INFO] [stdout]    = note: import resolution is stuck, try simplifying macro imports
[INFO] [stdout] 
[INFO] [stdout] 
[INFO] [stdout] error[E0433]: failed to resolve: use of undeclared crate or module `solana_program`
[INFO] [stdout]   --> src/lib.rs:14:1
[INFO] [stdout]    |
[INFO] [stdout] 14 | solana_program::declare_id!("auctxRXPeJoc4817jDhf4HbjnhEcr1cCXenosMhK5R8");
[INFO] [stdout]    | ^^^^^^^^^^^^^^ use of undeclared crate or module `solana_program`
[INFO] [stdout] 
[INFO] [stdout] 
[INFO] [stdout] error: cannot determine resolution for the derive macro `BorshDeserialize`
[INFO] [stdout]   --> src/processor/claim_bid.rs:32:33
[INFO] [stdout]    |
[INFO] [stdout] 32 | #[derive(Clone, BorshSerialize, BorshDeserialize, PartialEq)]
[INFO] [stdout]    |                                 ^^^^^^^^^^^^^^^^
[INFO] [stdout]    |
[INFO] [stdout]    = note: import resolution is stuck, try simplifying macro imports
[INFO] [stdout] 
[INFO] [stdout] 
[INFO] [stdout] error: cannot determine resolution for the macro `msg`
[INFO] [stdout]   --> src/processor/claim_bid.rs:92:5
[INFO] [stdout]    |
[INFO] [stdout] 92 |     msg!("+ Processing ClaimBid");
[INFO] [stdout]    |     ^^^
[INFO] [stdout]    |
[INFO] [stdout]    = note: import resolution is stuck, try simplifying macro imports
[INFO] [stdout] 
[INFO] [stdout] 
[INFO] [stdout] error: cannot determine resolution for the macro `msg`
[INFO] [stdout]    --> src/processor/claim_bid.rs:131:9
[INFO] [stdout]     |
[INFO] [stdout] 131 |         msg!("User {:?} is not winner", accounts.bidder.key);
[INFO] [stdout]     |         ^^^
[INFO] [stdout]     |
[INFO] [stdout]     = note: import resolution is stuck, try simplifying macro imports
[INFO] [stdout] 
[INFO] [stdout] 
[INFO] [stdout] error: cannot determine resolution for the macro `msg`
[INFO] [stdout]   --> src/utils.rs:40:9
[INFO] [stdout]    |
[INFO] [stdout] 40 |         msg!(
[INFO] [stdout]    |         ^^^
[INFO] [stdout]    |
[INFO] [stdout]    = note: import resolution is stuck, try simplifying macro imports
[INFO] [stdout] 
[INFO] [stdout] 
[INFO] [stdout] error: cannot determine resolution for the derive macro `BorshSerialize`
[INFO] [stdout]   --> src/processor/create_auction.rs:27:17
[INFO] [stdout]    |
[INFO] [stdout] 27 | #[derive(Clone, BorshSerialize, BorshDeserialize, PartialEq)]
[INFO] [stdout]    |                 ^^^^^^^^^^^^^^
[INFO] [stdout]    |
[INFO] [stdout]    = note: import resolution is stuck, try simplifying macro imports
[INFO] [stdout] 
[INFO] [stdout] 
[INFO] [stdout] error: cannot determine resolution for the derive macro `BorshDeserialize`
[INFO] [stdout]   --> src/processor/create_auction.rs:27:33
[INFO] [stdout]    |
[INFO] [stdout] 27 | #[derive(Clone, BorshSerialize, BorshDeserialize, PartialEq)]
[INFO] [stdout]    |                                 ^^^^^^^^^^^^^^^^
[INFO] [stdout]    |
[INFO] [stdout]    = note: import resolution is stuck, try simplifying macro imports
[INFO] [stdout] 
[INFO] [stdout] 
[INFO] [stdout] error: cannot determine resolution for the macro `msg`
[INFO] [stdout]   --> src/utils.rs:97:9
[INFO] [stdout]    |
[INFO] [stdout] 97 |         msg!("Transfer {} lamports to the new account", required_lamports);
[INFO] [stdout]    |         ^^^
[INFO] [stdout]    |
[INFO] [stdout]    = note: import resolution is stuck, try simplifying macro imports
[INFO] [stdout] 
[INFO] [stdout] 
[INFO] [stdout] error: cannot determine resolution for the macro `msg`
[INFO] [stdout]   --> src/processor/create_auction.rs:79:5
[INFO] [stdout]    |
[INFO] [stdout] 79 |     msg!("+ Processing CreateAuction");
[INFO] [stdout]    |     ^^^
[INFO] [stdout]    |
[INFO] [stdout]    = note: import resolution is stuck, try simplifying macro imports
[INFO] [stdout] 
[INFO] [stdout] 
[INFO] [stdout] error: cannot determine resolution for the macro `msg`
[INFO] [stdout]    --> src/utils.rs:108:5
[INFO] [stdout]     |
[INFO] [stdout] 108 |     msg!("Allocate space for the account");
[INFO] [stdout]     |     ^^^
[INFO] [stdout]     |
[INFO] [stdout]     = note: import resolution is stuck, try simplifying macro imports
[INFO] [stdout] 
[INFO] [stdout] 
[INFO] [stdout] error: cannot determine resolution for the derive macro `BorshSerialize`
[INFO] [stdout]   --> src/processor/create_auction_v2.rs:28:17
[INFO] [stdout]    |
[INFO] [stdout] 28 | #[derive(Clone, BorshSerialize, BorshDeserialize, PartialEq)]
[INFO] [stdout]    |                 ^^^^^^^^^^^^^^
[INFO] [stdout]    |
[INFO] [stdout]    = note: import resolution is stuck, try simplifying macro imports
[INFO] [stdout] 
[INFO] [stdout] 
[INFO] [stdout] error: cannot determine resolution for the macro `msg`
[INFO] [stdout]    --> src/utils.rs:115:5
[INFO] [stdout]     |
[INFO] [stdout] 115 |     msg!("Assign the account to the owning program");
[INFO] [stdout]     |     ^^^
[INFO] [stdout]     |
[INFO] [stdout]     = note: import resolution is stuck, try simplifying macro imports
[INFO] [stdout] 
[INFO] [stdout] 
[INFO] [stdout] error: cannot determine resolution for the derive macro `BorshDeserialize`
[INFO] [stdout]   --> src/processor/create_auction_v2.rs:28:33
[INFO] [stdout]    |
[INFO] [stdout] 28 | #[derive(Clone, BorshSerialize, BorshDeserialize, PartialEq)]
[INFO] [stdout]    |                                 ^^^^^^^^^^^^^^^^
[INFO] [stdout]    |
[INFO] [stdout]    = note: import resolution is stuck, try simplifying macro imports
[INFO] [stdout] 
[INFO] [stdout] 
[INFO] [stdout] error: cannot determine resolution for the macro `msg`
[INFO] [stdout]    --> src/utils.rs:121:5
[INFO] [stdout]     |
[INFO] [stdout] 121 |     msg!("Completed assignation!");
[INFO] [stdout]     |     ^^^
[INFO] [stdout]     |
[INFO] [stdout]     = note: import resolution is stuck, try simplifying macro imports
[INFO] [stdout] 
[INFO] [stdout] 
[INFO] [stdout] error: cannot determine resolution for the derive macro `BorshSerialize`
[INFO] [stdout]   --> src/processor/end_auction.rs:27:17
[INFO] [stdout]    |
[INFO] [stdout] 27 | #[derive(Clone, BorshSerialize, BorshDeserialize, PartialEq)]
[INFO] [stdout]    |                 ^^^^^^^^^^^^^^
[INFO] [stdout]    |
[INFO] [stdout]    = note: import resolution is stuck, try simplifying macro imports
[INFO] [stdout] 
[INFO] [stdout] 
[INFO] [stdout] error: cannot determine resolution for the derive macro `FromPrimitive`
[INFO] [stdout]   --> src/errors.rs:12:35
[INFO] [stdout]    |
[INFO] [stdout] 12 | #[derive(Clone, Debug, Eq, Error, FromPrimitive, PartialEq)]
[INFO] [stdout]    |                                   ^^^^^^^^^^^^^
[INFO] [stdout]    |
[INFO] [stdout]    = note: import resolution is stuck, try simplifying macro imports
[INFO] [stdout] 
[INFO] [stdout] 
[INFO] [stdout] error: cannot determine resolution for the derive macro `BorshDeserialize`
[INFO] [stdout]   --> src/processor/end_auction.rs:27:33
[INFO] [stdout]    |
[INFO] [stdout] 27 | #[derive(Clone, BorshSerialize, BorshDeserialize, PartialEq)]
[INFO] [stdout]    |                                 ^^^^^^^^^^^^^^^^
[INFO] [stdout]    |
[INFO] [stdout]    = note: import resolution is stuck, try simplifying macro imports
[INFO] [stdout] 
[INFO] [stdout] 
[INFO] [stdout] error: cannot determine resolution for the macro `msg`
[INFO] [stdout]    --> src/errors.rs:141:9
[INFO] [stdout]     |
[INFO] [stdout] 141 |         msg!(&self.to_string());
[INFO] [stdout]     |         ^^^
[INFO] [stdout]     |
[INFO] [stdout]     = note: import resolution is stuck, try simplifying macro imports
[INFO] [stdout] 
[INFO] [stdout] 
[INFO] [stdout] error: cannot determine resolution for the macro `msg`
[INFO] [stdout]   --> src/processor/end_auction.rs:81:5
[INFO] [stdout]    |
[INFO] [stdout] 81 |     msg!("+ Processing EndAuction");
[INFO] [stdout]    |     ^^^
[INFO] [stdout]    |
[INFO] [stdout]    = note: import resolution is stuck, try simplifying macro imports
[INFO] [stdout] 
[INFO] [stdout] 
[INFO] [stdout] error: cannot determine resolution for the derive macro `BorshSerialize`
[INFO] [stdout]   --> src/instruction.rs:15:17
[INFO] [stdout]    |
[INFO] [stdout] 15 | #[derive(Clone, BorshSerialize, BorshDeserialize, PartialEq)]
[INFO] [stdout]    |                 ^^^^^^^^^^^^^^
[INFO] [stdout]    |
[INFO] [stdout]    = note: import resolution is stuck, try simplifying macro imports
[INFO] [stdout] 
[INFO] [stdout] 
[INFO] [stdout] error: cannot determine resolution for the derive macro `BorshDeserialize`
[INFO] [stdout]   --> src/instruction.rs:15:33
[INFO] [stdout]    |
[INFO] [stdout] 15 | #[derive(Clone, BorshSerialize, BorshDeserialize, PartialEq)]
[INFO] [stdout]    |                                 ^^^^^^^^^^^^^^^^
[INFO] [stdout]    |
[INFO] [stdout]    = note: import resolution is stuck, try simplifying macro imports
[INFO] [stdout] 
[INFO] [stdout] 
[INFO] [stdout] error: cannot determine resolution for the derive macro `BorshSerialize`
[INFO] [stdout]   --> src/processor/cancel_bid.rs:37:17
[INFO] [stdout]    |
[INFO] [stdout] 37 | #[derive(Clone, BorshSerialize, BorshDeserialize, PartialEq)]
[INFO] [stdout]    |                 ^^^^^^^^^^^^^^
[INFO] [stdout]    |
[INFO] [stdout]    = note: import resolution is stuck, try simplifying macro imports
[INFO] [stdout] 
[INFO] [stdout] 
[INFO] [stdout] error: cannot determine resolution for the derive macro `BorshDeserialize`
[INFO] [stdout]   --> src/processor/cancel_bid.rs:37:33
[INFO] [stdout]    |
[INFO] [stdout] 37 | #[derive(Clone, BorshSerialize, BorshDeserialize, PartialEq)]
[INFO] [stdout]    |                                 ^^^^^^^^^^^^^^^^
[INFO] [stdout]    |
[INFO] [stdout]    = note: import resolution is stuck, try simplifying macro imports
[INFO] [stdout] 
[INFO] [stdout] 
[INFO] [stdout] error: cannot determine resolution for the derive macro `BorshSerialize`
[INFO] [stdout]   --> src/processor/place_bid.rs:52:17
[INFO] [stdout]    |
[INFO] [stdout] 52 | #[derive(Clone, BorshSerialize, BorshDeserialize, PartialEq)]
[INFO] [stdout]    |                 ^^^^^^^^^^^^^^
[INFO] [stdout]    |
[INFO] [stdout]    = note: import resolution is stuck, try simplifying macro imports
[INFO] [stdout] 
[INFO] [stdout] 
[INFO] [stdout] error: cannot determine resolution for the macro `msg`
[INFO] [stdout]   --> src/processor/cancel_bid.rs:98:5
[INFO] [stdout]    |
[INFO] [stdout] 98 |     msg!("+ Processing Cancelbid");
[INFO] [stdout]    |     ^^^
[INFO] [stdout]    |
[INFO] [stdout]    = note: import resolution is stuck, try simplifying macro imports
[INFO] [stdout] 
[INFO] [stdout] 
[INFO] [stdout] error: cannot determine resolution for the derive macro `BorshDeserialize`
[INFO] [stdout]   --> src/processor/place_bid.rs:52:33
[INFO] [stdout]    |
[INFO] [stdout] 52 | #[derive(Clone, BorshSerialize, BorshDeserialize, PartialEq)]
[INFO] [stdout]    |                                 ^^^^^^^^^^^^^^^^
[INFO] [stdout]    |
[INFO] [stdout]    = note: import resolution is stuck, try simplifying macro imports
[INFO] [stdout] 
[INFO] [stdout] 
[INFO] [stdout] error: cannot determine resolution for the macro `msg`
[INFO] [stdout]    --> src/processor/place_bid.rs:130:5
[INFO] [stdout]     |
[INFO] [stdout] 130 |     msg!("+ Processing PlaceBid");
[INFO] [stdout]     |     ^^^
[INFO] [stdout]     |
[INFO] [stdout]     = note: import resolution is stuck, try simplifying macro imports
[INFO] [stdout] 
[INFO] [stdout] 
[INFO] [stdout] error: cannot determine resolution for the macro `msg`
[INFO] [stdout]    --> src/processor/cancel_bid.rs:237:9
[INFO] [stdout]     |
[INFO] [stdout] 237 |         msg!("Already cancelled is {:?}", already_cancelled);
[INFO] [stdout]     |         ^^^
[INFO] [stdout]     |
[INFO] [stdout]     = note: import resolution is stuck, try simplifying macro imports
[INFO] [stdout] 
[INFO] [stdout] 
[INFO] [stdout] error: cannot determine resolution for the macro `msg`
[INFO] [stdout]    --> src/processor/place_bid.rs:143:9
[INFO] [stdout]     |
[INFO] [stdout] 143 |         msg!("Auction ended!");
[INFO] [stdout]     |         ^^^
[INFO] [stdout]     |
[INFO] [stdout]     = note: import resolution is stuck, try simplifying macro imports
[INFO] [stdout] 
[INFO] [stdout] 
[INFO] [stdout] error: cannot determine resolution for the derive macro `BorshSerialize`
[INFO] [stdout]   --> src/processor/claim_bid.rs:32:17
[INFO] [stdout]    |
[INFO] [stdout] 32 | #[derive(Clone, BorshSerialize, BorshDeserialize, PartialEq)]
[INFO] [stdout]    |                 ^^^^^^^^^^^^^^
[INFO] [stdout]    |
[INFO] [stdout]    = note: import resolution is stuck, try simplifying macro imports
[INFO] [stdout] 
[INFO] [stdout] 
[INFO] [stdout] error: cannot determine resolution for the macro `msg`
[INFO] [stdout]    --> src/processor/place_bid.rs:288:13
[INFO] [stdout]     |
[INFO] [stdout] 288 |             msg!("Received amount is more than instant_sale_price so it was reduced to instant_sale_price - {:?}", instant_sale_price);
[INFO] [stdout]     |             ^^^
[INFO] [stdout]     |
[INFO] [stdout]     = note: import resolution is stuck, try simplifying macro imports
[INFO] [stdout] 
[INFO] [stdout] 
[INFO] [stdout] error: cannot determine resolution for the derive macro `BorshDeserialize`
[INFO] [stdout]   --> src/processor/claim_bid.rs:32:33
[INFO] [stdout]    |
[INFO] [stdout] 32 | #[derive(Clone, BorshSerialize, BorshDeserialize, PartialEq)]
[INFO] [stdout]    |                                 ^^^^^^^^^^^^^^^^
[INFO] [stdout]    |
[INFO] [stdout]    = note: import resolution is stuck, try simplifying macro imports
[INFO] [stdout] 
[INFO] [stdout] 
[INFO] [stdout] error: cannot determine resolution for the macro `msg`
[INFO] [stdout]    --> src/processor/place_bid.rs:296:9
[INFO] [stdout]     |
[INFO] [stdout] 296 |         msg!(
[INFO] [stdout]     |         ^^^
[INFO] [stdout]     |
[INFO] [stdout]     = note: import resolution is stuck, try simplifying macro imports
[INFO] [stdout] 
[INFO] [stdout] 
[INFO] [stdout] error: cannot determine resolution for the macro `msg`
[INFO] [stdout]   --> src/processor/claim_bid.rs:92:5
[INFO] [stdout]    |
[INFO] [stdout] 92 |     msg!("+ Processing ClaimBid");
[INFO] [stdout]    |     ^^^
[INFO] [stdout]    |
[INFO] [stdout]    = note: import resolution is stuck, try simplifying macro imports
[INFO] [stdout] 
[INFO] [stdout] 
[INFO] [stdout] error: cannot determine resolution for the macro `msg`
[INFO] [stdout]   --> src/processor/set_authority.rs:21:5
[INFO] [stdout]    |
[INFO] [stdout] 21 |     msg!("+ Processing SetAuthority");
[INFO] [stdout]    |     ^^^
[INFO] [stdout]    |
[INFO] [stdout]    = note: import resolution is stuck, try simplifying macro imports
[INFO] [stdout] 
[INFO] [stdout] 
[INFO] [stdout] error: cannot determine resolution for the macro `msg`
[INFO] [stdout]    --> src/processor/claim_bid.rs:131:9
[INFO] [stdout]     |
[INFO] [stdout] 131 |         msg!("User {:?} is not winner", accounts.bidder.key);
[INFO] [stdout]     |         ^^^
[INFO] [stdout]     |
[INFO] [stdout]     = note: import resolution is stuck, try simplifying macro imports
[INFO] [stdout] 
[INFO] [stdout] 
[INFO] [stdout] error: cannot determine resolution for the macro `msg`
[INFO] [stdout]   --> src/processor/set_authority.rs:40:9
[INFO] [stdout]    |
[INFO] [stdout] 40 |         msg!("Disallowing new authority because it does not exist.");
[INFO] [stdout]    |         ^^^
[INFO] [stdout]    |
[INFO] [stdout]    = note: import resolution is stuck, try simplifying macro imports
[INFO] [stdout] 
[INFO] [stdout] 
[INFO] [stdout] error: cannot determine resolution for the derive macro `BorshSerialize`
[INFO] [stdout]   --> src/processor/create_auction.rs:27:17
[INFO] [stdout]    |
[INFO] [stdout] 27 | #[derive(Clone, BorshSerialize, BorshDeserialize, PartialEq)]
[INFO] [stdout]    |                 ^^^^^^^^^^^^^^
[INFO] [stdout]    |
[INFO] [stdout]    = note: import resolution is stuck, try simplifying macro imports
[INFO] [stdout] 
[INFO] [stdout] 
[INFO] [stdout] error: cannot determine resolution for the derive macro `BorshDeserialize`
[INFO] [stdout]   --> src/processor/create_auction.rs:27:33
[INFO] [stdout]    |
[INFO] [stdout] 27 | #[derive(Clone, BorshSerialize, BorshDeserialize, PartialEq)]
[INFO] [stdout]    |                                 ^^^^^^^^^^^^^^^^
[INFO] [stdout]    |
[INFO] [stdout]    = note: import resolution is stuck, try simplifying macro imports
[INFO] [stdout] 
[INFO] [stdout] 
[INFO] [stdout] error: cannot determine resolution for the macro `msg`
[INFO] [stdout]   --> src/processor/create_auction.rs:79:5
[INFO] [stdout]    |
[INFO] [stdout] 79 |     msg!("+ Processing CreateAuction");
[INFO] [stdout]    |     ^^^
[INFO] [stdout]    |
[INFO] [stdout]    = note: import resolution is stuck, try simplifying macro imports
[INFO] [stdout] 
[INFO] [stdout] 
[INFO] [stdout] error: cannot determine resolution for the derive macro `BorshSerialize`
[INFO] [stdout]   --> src/processor/start_auction.rs:44:17
[INFO] [stdout]    |
[INFO] [stdout] 44 | #[derive(Clone, BorshSerialize, BorshDeserialize, PartialEq)]
[INFO] [stdout]    |                 ^^^^^^^^^^^^^^
[INFO] [stdout]    |
[INFO] [stdout]    = note: import resolution is stuck, try simplifying macro imports
[INFO] [stdout] 
[INFO] [stdout] 
[INFO] [stdout] error: cannot determine resolution for the derive macro `BorshDeserialize`
[INFO] [stdout]   --> src/processor/start_auction.rs:44:33
[INFO] [stdout]    |
[INFO] [stdout] 44 | #[derive(Clone, BorshSerialize, BorshDeserialize, PartialEq)]
[INFO] [stdout]    |                                 ^^^^^^^^^^^^^^^^
[INFO] [stdout]    |
[INFO] [stdout]    = note: import resolution is stuck, try simplifying macro imports
[INFO] [stdout] 
[INFO] [stdout] 
[INFO] [stdout] error: cannot determine resolution for the derive macro `BorshSerialize`
[INFO] [stdout]   --> src/processor/create_auction_v2.rs:28:17
[INFO] [stdout]    |
[INFO] [stdout] 28 | #[derive(Clone, BorshSerialize, BorshDeserialize, PartialEq)]
[INFO] [stdout]    |                 ^^^^^^^^^^^^^^
[INFO] [stdout]    |
[INFO] [stdout]    = note: import resolution is stuck, try simplifying macro imports
[INFO] [stdout] 
[INFO] [stdout] 
[INFO] [stdout] error: cannot determine resolution for the macro `msg`
[INFO] [stdout]   --> src/processor/start_auction.rs:55:5
[INFO] [stdout]    |
[INFO] [stdout] 55 |     msg!("+ Processing StartAuction");
[INFO] [stdout]    |     ^^^
[INFO] [stdout]    |
[INFO] [stdout]    = note: import resolution is stuck, try simplifying macro imports
[INFO] [stdout] 
[INFO] [stdout] 
[INFO] [stdout] error: cannot determine resolution for the derive macro `BorshDeserialize`
[INFO] [stdout]   --> src/processor/create_auction_v2.rs:28:33
[INFO] [stdout]    |
[INFO] [stdout] 28 | #[derive(Clone, BorshSerialize, BorshDeserialize, PartialEq)]
[INFO] [stdout]    |                                 ^^^^^^^^^^^^^^^^
[INFO] [stdout]    |
[INFO] [stdout]    = note: import resolution is stuck, try simplifying macro imports
[INFO] [stdout] 
[INFO] [stdout] 
[INFO] [stdout] error: cannot determine resolution for the derive macro `BorshSerialize`
[INFO] [stdout]   --> src/processor.rs:52:17
[INFO] [stdout]    |
[INFO] [stdout] 52 | #[derive(Clone, BorshSerialize, BorshDeserialize, PartialEq, Debug)]
[INFO] [stdout]    |                 ^^^^^^^^^^^^^^
[INFO] [stdout]    |
[INFO] [stdout]    = note: import resolution is stuck, try simplifying macro imports
[INFO] [stdout] 
[INFO] [stdout] 
[INFO] [stdout] error: cannot determine resolution for the derive macro `BorshDeserialize`
[INFO] [stdout]   --> src/processor.rs:52:33
[INFO] [stdout]    |
[INFO] [stdout] 52 | #[derive(Clone, BorshSerialize, BorshDeserialize, PartialEq, Debug)]
[INFO] [stdout]    |                                 ^^^^^^^^^^^^^^^^
[INFO] [stdout]    |
[INFO] [stdout]    = note: import resolution is stuck, try simplifying macro imports
[INFO] [stdout] 
[INFO] [stdout] 
[INFO] [stdout] error: cannot determine resolution for the derive macro `BorshSerialize`
[INFO] [stdout]   --> src/processor/end_auction.rs:27:17
[INFO] [stdout]    |
[INFO] [stdout] 27 | #[derive(Clone, BorshSerialize, BorshDeserialize, PartialEq)]
[INFO] [stdout]    |                 ^^^^^^^^^^^^^^
[INFO] [stdout]    |
[INFO] [stdout]    = note: import resolution is stuck, try simplifying macro imports
[INFO] [stdout] 
[INFO] [stdout] 
[INFO] [stdout] error: cannot determine resolution for the derive macro `BorshSerialize`
[INFO] [stdout]   --> src/processor.rs:71:17
[INFO] [stdout]    |
[INFO] [stdout] 71 | #[derive(Clone, BorshSerialize, BorshDeserialize, PartialEq, Debug)]
[INFO] [stdout]    |                 ^^^^^^^^^^^^^^
[INFO] [stdout]    |
[INFO] [stdout]    = note: import resolution is stuck, try simplifying macro imports
[INFO] [stdout] 
[INFO] [stdout] 
[INFO] [stdout] error: cannot determine resolution for the derive macro `BorshDeserialize`
[INFO] [stdout]   --> src/processor/end_auction.rs:27:33
[INFO] [stdout]    |
[INFO] [stdout] 27 | #[derive(Clone, BorshSerialize, BorshDeserialize, PartialEq)]
[INFO] [stdout]    |                                 ^^^^^^^^^^^^^^^^
[INFO] [stdout]    |
[INFO] [stdout]    = note: import resolution is stuck, try simplifying macro imports
[INFO] [stdout] 
[INFO] [stdout] 
[INFO] [stdout] error: cannot determine resolution for the derive macro `BorshDeserialize`
[INFO] [stdout]   --> src/processor.rs:71:33
[INFO] [stdout]    |
[INFO] [stdout] 71 | #[derive(Clone, BorshSerialize, BorshDeserialize, PartialEq, Debug)]
[INFO] [stdout]    |                                 ^^^^^^^^^^^^^^^^
[INFO] [stdout]    |
[INFO] [stdout]    = note: import resolution is stuck, try simplifying macro imports
[INFO] [stdout] 
[INFO] [stdout] 
[INFO] [stdout] error: cannot determine resolution for the macro `msg`
[INFO] [stdout]   --> src/processor/end_auction.rs:81:5
[INFO] [stdout]    |
[INFO] [stdout] 81 |     msg!("+ Processing EndAuction");
[INFO] [stdout]    |     ^^^
[INFO] [stdout]    |
[INFO] [stdout]    = note: import resolution is stuck, try simplifying macro imports
[INFO] [stdout] 
[INFO] [stdout] 
[INFO] [stdout] error: cannot determine resolution for the derive macro `BorshSerialize`
[INFO] [stdout]    --> src/processor.rs:106:17
[INFO] [stdout]     |
[INFO] [stdout] 106 | #[derive(Clone, BorshSerialize, BorshDeserialize, PartialEq, Debug)]
[INFO] [stdout]     |                 ^^^^^^^^^^^^^^
[INFO] [stdout]     |
[INFO] [stdout]     = note: import resolution is stuck, try simplifying macro imports
[INFO] [stdout] 
[INFO] [stdout] 
[INFO] [stdout] error: cannot determine resolution for the derive macro `BorshSerialize`
[INFO] [stdout]   --> src/processor/place_bid.rs:52:17
[INFO] [stdout]    |
[INFO] [stdout] 52 | #[derive(Clone, BorshSerialize, BorshDeserialize, PartialEq)]
[INFO] [stdout]    |                 ^^^^^^^^^^^^^^
[INFO] [stdout]    |
[INFO] [stdout]    = note: import resolution is stuck, try simplifying macro imports
[INFO] [stdout] 
[INFO] [stdout] 
[INFO] [stdout] error: cannot determine resolution for the derive macro `BorshDeserialize`
[INFO] [stdout]    --> src/processor.rs:106:33
[INFO] [stdout]     |
[INFO] [stdout] 106 | #[derive(Clone, BorshSerialize, BorshDeserialize, PartialEq, Debug)]
[INFO] [stdout]     |                                 ^^^^^^^^^^^^^^^^
[INFO] [stdout]     |
[INFO] [stdout]     = note: import resolution is stuck, try simplifying macro imports
[INFO] [stdout] 
[INFO] [stdout] 
[INFO] [stdout] error: cannot determine resolution for the derive macro `BorshDeserialize`
[INFO] [stdout]   --> src/processor/place_bid.rs:52:33
[INFO] [stdout]    |
[INFO] [stdout] 52 | #[derive(Clone, BorshSerialize, BorshDeserialize, PartialEq)]
[INFO] [stdout]    |                                 ^^^^^^^^^^^^^^^^
[INFO] [stdout]    |
[INFO] [stdout]    = note: import resolution is stuck, try simplifying macro imports
[INFO] [stdout] 
[INFO] [stdout] 
[INFO] [stdout] error: cannot determine resolution for the macro `array_ref`
[INFO] [stdout]    --> src/processor.rs:134:38
[INFO] [stdout]     |
[INFO] [stdout] 134 |             Some(u64::from_le_bytes(*array_ref![data, idx, 8]))
[INFO] [stdout]     |                                      ^^^^^^^^^
[INFO] [stdout]     |
[INFO] [stdout]     = note: import resolution is stuck, try simplifying macro imports
[INFO] [stdout] 
[INFO] [stdout] 
[INFO] [stdout] error: cannot determine resolution for the macro `msg`
[INFO] [stdout]    --> src/processor/place_bid.rs:130:5
[INFO] [stdout]     |
[INFO] [stdout] 130 |     msg!("+ Processing PlaceBid");
[INFO] [stdout]     |     ^^^
[INFO] [stdout]     |
[INFO] [stdout]     = note: import resolution is stuck, try simplifying macro imports
[INFO] [stdout] 
[INFO] [stdout] 
[INFO] [stdout] error: cannot determine resolution for the macro `array_ref`
[INFO] [stdout]    --> src/processor.rs:169:31
[INFO] [stdout]     |
[INFO] [stdout] 169 |         let token_mint_data = array_ref![data, 32, 32];
[INFO] [stdout]     |                               ^^^^^^^^^
[INFO] [stdout]     |
[INFO] [stdout]     = note: import resolution is stuck, try simplifying macro imports
[INFO] [stdout] 
[INFO] [stdout] 
[INFO] [stdout] error: cannot determine resolution for the macro `msg`
[INFO] [stdout]    --> src/processor/place_bid.rs:143:9
[INFO] [stdout]     |
[INFO] [stdout] 143 |         msg!("Auction ended!");
[INFO] [stdout]     |         ^^^
[INFO] [stdout]     |
[INFO] [stdout]     = note: import resolution is stuck, try simplifying macro imports
[INFO] [stdout] 
[INFO] [stdout] 
[INFO] [stdout] error: cannot determine resolution for the macro `array_ref`
[INFO] [stdout]    --> src/processor.rs:213:33
[INFO] [stdout]     |
[INFO] [stdout] 213 |         let num_elements_data = array_ref![data, bid_state_beginning - 4, 4];
[INFO] [stdout]     |                                 ^^^^^^^^^
[INFO] [stdout]     |
[INFO] [stdout]     = note: import resolution is stuck, try simplifying macro imports
[INFO] [stdout] 
[INFO] [stdout] 
[INFO] [stdout] error: cannot determine resolution for the macro `msg`
[INFO] [stdout]    --> src/processor/place_bid.rs:288:13
[INFO] [stdout]     |
[INFO] [stdout] 288 |             msg!("Received amount is more than instant_sale_price so it was reduced to instant_sale_price - {:?}", instant_sale_price);
[INFO] [stdout]     |             ^^^
[INFO] [stdout]     |
[INFO] [stdout]     = note: import resolution is stuck, try simplifying macro imports
[INFO] [stdout] 
[INFO] [stdout] 
[INFO] [stdout] error: cannot determine resolution for the macro `array_ref`
[INFO] [stdout]    --> src/processor.rs:215:24
[INFO] [stdout]     |
[INFO] [stdout] 215 |         let max_data = array_ref![data, bid_state_beginning + BID_LENGTH * num_elements, 8];
[INFO] [stdout]     |                        ^^^^^^^^^
[INFO] [stdout]     |
[INFO] [stdout]     = note: import resolution is stuck, try simplifying macro imports
[INFO] [stdout] 
[INFO] [stdout] 
[INFO] [stdout] error: cannot determine resolution for the macro `array_ref`
[INFO] [stdout]    --> src/processor.rs:278:14
[INFO] [stdout]     |
[INFO] [stdout] 278 |         Some(array_ref![
[INFO] [stdout]     |              ^^^^^^^^^
[INFO] [stdout]     |
[INFO] [stdout]     = note: import resolution is stuck, try simplifying macro imports
[INFO] [stdout] 
[INFO] [stdout] 
[INFO] [stdout] error: cannot determine resolution for the macro `msg`
[INFO] [stdout]    --> src/processor/place_bid.rs:296:9
[INFO] [stdout]     |
[INFO] [stdout] 296 |         msg!(
[INFO] [stdout]     |         ^^^
[INFO] [stdout]     |
[INFO] [stdout]     = note: import resolution is stuck, try simplifying macro imports
[INFO] [stdout] 
[INFO] [stdout] 
[INFO] [stdout] error: cannot determine resolution for the macro `array_ref`
[INFO] [stdout]    --> src/processor.rs:309:34
[INFO] [stdout]     |
[INFO] [stdout] 309 |         Some(u64::from_le_bytes(*array_ref![
[INFO] [stdout]     |                                  ^^^^^^^^^
[INFO] [stdout]     |
[INFO] [stdout]     = note: import resolution is stuck, try simplifying macro imports
[INFO] [stdout] 
[INFO] [stdout] 
[INFO] [stdout] error: cannot determine resolution for the macro `msg`
[INFO] [stdout]   --> src/processor/set_authority.rs:21:5
[INFO] [stdout]    |
[INFO] [stdout] 21 |     msg!("+ Processing SetAuthority");
[INFO] [stdout]    |     ^^^
[INFO] [stdout]    |
[INFO] [stdout]    = note: import resolution is stuck, try simplifying macro imports
[INFO] [stdout] 
[INFO] [stdout] 
[INFO] [stdout] error: cannot determine resolution for the macro `msg`
[INFO] [stdout]    --> src/processor.rs:380:17
[INFO] [stdout]     |
[INFO] [stdout] 380 |                 msg!("All the lots were sold with instant_sale_price, auction is ended");
[INFO] [stdout]     |                 ^^^
[INFO] [stdout]     |
[INFO] [stdout]     = note: import resolution is stuck, try simplifying macro imports
[INFO] [stdout] 
[INFO] [stdout] 
[INFO] [stdout] error: cannot determine resolution for the macro `msg`
[INFO] [stdout]   --> src/processor/set_authority.rs:40:9
[INFO] [stdout]    |
[INFO] [stdout] 40 |         msg!("Disallowing new authority because it does not exist.");
[INFO] [stdout]    |         ^^^
[INFO] [stdout]    |
[INFO] [stdout]    = note: import resolution is stuck, try simplifying macro imports
[INFO] [stdout] 
[INFO] [stdout] 
[INFO] [stdout] error: cannot determine resolution for the derive macro `BorshSerialize`
[INFO] [stdout]    --> src/processor.rs:428:17
[INFO] [stdout]     |
[INFO] [stdout] 428 | #[derive(Clone, BorshSerialize, BorshDeserialize, PartialEq, Debug)]
[INFO] [stdout]     |                 ^^^^^^^^^^^^^^
[INFO] [stdout]     |
[INFO] [stdout]     = note: import resolution is stuck, try simplifying macro imports
[INFO] [stdout] 
[INFO] [stdout] 
[INFO] [stdout] error: cannot determine resolution for the derive macro `BorshSerialize`
[INFO] [stdout]   --> src/processor/start_auction.rs:44:17
[INFO] [stdout]    |
[INFO] [stdout] 44 | #[derive(Clone, BorshSerialize, BorshDeserialize, PartialEq)]
[INFO] [stdout]    |                 ^^^^^^^^^^^^^^
[INFO] [stdout]    |
[INFO] [stdout]    = note: import resolution is stuck, try simplifying macro imports
[INFO] [stdout] 
[INFO] [stdout] 
[INFO] [stdout] error: cannot determine resolution for the derive macro `BorshDeserialize`
[INFO] [stdout]    --> src/processor.rs:428:33
[INFO] [stdout]     |
[INFO] [stdout] 428 | #[derive(Clone, BorshSerialize, BorshDeserialize, PartialEq, Debug)]
[INFO] [stdout]     |                                 ^^^^^^^^^^^^^^^^
[INFO] [stdout]     |
[INFO] [stdout]     = note: import resolution is stuck, try simplifying macro imports
[INFO] [stdout] 
[INFO] [stdout] 
[INFO] [stdout] error: cannot determine resolution for the derive macro `BorshDeserialize`
[INFO] [stdout]   --> src/processor/start_auction.rs:44:33
[INFO] [stdout]    |
[INFO] [stdout] 44 | #[derive(Clone, BorshSerialize, BorshDeserialize, PartialEq)]
[INFO] [stdout]    |                                 ^^^^^^^^^^^^^^^^
[INFO] [stdout]    |
[INFO] [stdout]    = note: import resolution is stuck, try simplifying macro imports
[INFO] [stdout] 
[INFO] [stdout] 
[INFO] [stdout] error: cannot determine resolution for the derive macro `BorshSerialize`
[INFO] [stdout]    --> src/processor.rs:460:17
[INFO] [stdout]     |
[INFO] [stdout] 460 | #[derive(Clone, BorshSerialize, BorshDeserialize, PartialEq, Debug)]
[INFO] [stdout]     |                 ^^^^^^^^^^^^^^
[INFO] [stdout]     |
[INFO] [stdout]     = note: import resolution is stuck, try simplifying macro imports
[INFO] [stdout] 
[INFO] [stdout] 
[INFO] [stdout] error: cannot determine resolution for the macro `msg`
[INFO] [stdout]   --> src/processor/start_auction.rs:55:5
[INFO] [stdout]    |
[INFO] [stdout] 55 |     msg!("+ Processing StartAuction");
[INFO] [stdout]    |     ^^^
[INFO] [stdout]    |
[INFO] [stdout]    = note: import resolution is stuck, try simplifying macro imports
[INFO] [stdout] 
[INFO] [stdout] 
[INFO] [stdout] error: cannot determine resolution for the derive macro `BorshDeserialize`
[INFO] [stdout]    --> src/processor.rs:460:33
[INFO] [stdout]     |
[INFO] [stdout] 460 | #[derive(Clone, BorshSerialize, BorshDeserialize, PartialEq, Debug)]
[INFO] [stdout]     |                                 ^^^^^^^^^^^^^^^^
[INFO] [stdout]     |
[INFO] [stdout]     = note: import resolution is stuck, try simplifying macro imports
[INFO] [stdout] 
[INFO] [stdout] 
[INFO] [stdout] error: cannot determine resolution for the derive macro `BorshSerialize`
[INFO] [stdout]   --> src/processor.rs:52:17
[INFO] [stdout]    |
[INFO] [stdout] 52 | #[derive(Clone, BorshSerialize, BorshDeserialize, PartialEq, Debug)]
[INFO] [stdout]    |                 ^^^^^^^^^^^^^^
[INFO] [stdout]    |
[INFO] [stdout]    = note: import resolution is stuck, try simplifying macro imports
[INFO] [stdout] 
[INFO] [stdout] 
[INFO] [stdout] error: cannot determine resolution for the derive macro `BorshSerialize`
[INFO] [stdout]    --> src/processor.rs:466:17
[INFO] [stdout]     |
[INFO] [stdout] 466 | #[derive(Clone, BorshSerialize, BorshDeserialize, PartialEq, Debug)]
[INFO] [stdout]     |                 ^^^^^^^^^^^^^^
[INFO] [stdout]     |
[INFO] [stdout]     = note: import resolution is stuck, try simplifying macro imports
[INFO] [stdout] 
[INFO] [stdout] 
[INFO] [stdout] error: cannot determine resolution for the derive macro `BorshDeserialize`
[INFO] [stdout]   --> src/processor.rs:52:33
[INFO] [stdout]    |
[INFO] [stdout] 52 | #[derive(Clone, BorshSerialize, BorshDeserialize, PartialEq, Debug)]
[INFO] [stdout]    |                                 ^^^^^^^^^^^^^^^^
[INFO] [stdout]    |
[INFO] [stdout]    = note: import resolution is stuck, try simplifying macro imports
[INFO] [stdout] 
[INFO] [stdout] 
[INFO] [stdout] error: cannot determine resolution for the derive macro `BorshSerialize`
[INFO] [stdout]   --> src/processor.rs:71:17
[INFO] [stdout]    |
[INFO] [stdout] 71 | #[derive(Clone, BorshSerialize, BorshDeserialize, PartialEq, Debug)]
[INFO] [stdout]    |                 ^^^^^^^^^^^^^^
[INFO] [stdout]    |
[INFO] [stdout]    = note: import resolution is stuck, try simplifying macro imports
[INFO] [stdout] 
[INFO] [stdout] 
[INFO] [stdout] error: cannot determine resolution for the derive macro `BorshDeserialize`
[INFO] [stdout]    --> src/processor.rs:466:33
[INFO] [stdout]     |
[INFO] [stdout] 466 | #[derive(Clone, BorshSerialize, BorshDeserialize, PartialEq, Debug)]
[INFO] [stdout]     |                                 ^^^^^^^^^^^^^^^^
[INFO] [stdout]     |
[INFO] [stdout]     = note: import resolution is stuck, try simplifying macro imports
[INFO] [stdout] 
[INFO] [stdout] 
[INFO] [stdout] error: cannot determine resolution for the derive macro `BorshDeserialize`
[INFO] [stdout]   --> src/processor.rs:71:33
[INFO] [stdout]    |
[INFO] [stdout] 71 | #[derive(Clone, BorshSerialize, BorshDeserialize, PartialEq, Debug)]
[INFO] [stdout]    |                                 ^^^^^^^^^^^^^^^^
[INFO] [stdout]    |
[INFO] [stdout]    = note: import resolution is stuck, try simplifying macro imports
[INFO] [stdout] 
[INFO] [stdout] 
[INFO] [stdout] error: cannot determine resolution for the macro `msg`
[INFO] [stdout]    --> src/processor.rs:507:17
[INFO] [stdout]     |
[INFO] [stdout] 507 |                 msg!(
[INFO] [stdout]     |                 ^^^
[INFO] [stdout]     |
[INFO] [stdout]     = note: import resolution is stuck, try simplifying macro imports
[INFO] [stdout] 
[INFO] [stdout] 
[INFO] [stdout] error: cannot determine resolution for the derive macro `BorshSerialize`
[INFO] [stdout]    --> src/processor.rs:106:17
[INFO] [stdout]     |
[INFO] [stdout] 106 | #[derive(Clone, BorshSerialize, BorshDeserialize, PartialEq, Debug)]
[INFO] [stdout]     |                 ^^^^^^^^^^^^^^
[INFO] [stdout]     |
[INFO] [stdout]     = note: import resolution is stuck, try simplifying macro imports
[INFO] [stdout] 
[INFO] [stdout] 
[INFO] [stdout] error: cannot determine resolution for the macro `msg`
[INFO] [stdout]    --> src/processor.rs:515:13
[INFO] [stdout]     |
[INFO] [stdout] 515 |             msg!("No tick size on this auction")
[INFO] [stdout]     |             ^^^
[INFO] [stdout]     |
[INFO] [stdout]     = note: import resolution is stuck, try simplifying macro imports
[INFO] [stdout] 
[INFO] [stdout] 
[INFO] [stdout] error: cannot determine resolution for the macro `msg`
[INFO] [stdout]    --> src/processor.rs:536:13
[INFO] [stdout]     |
[INFO] [stdout] 536 | ...   msg!("Rejecting inserting this bid due to gap tick size of {:?} which causes min bid of {:?} from {:?} which is the bid it is tryin...
[INFO] [stdout]     |       ^^^
[INFO] [stdout]     |
[INFO] [stdout]     = note: import resolution is stuck, try simplifying macro imports
[INFO] [stdout] 
[INFO] [stdout] 
[INFO] [stdout] error: cannot determine resolution for the derive macro `BorshDeserialize`
[INFO] [stdout]    --> src/processor.rs:106:33
[INFO] [stdout]     |
[INFO] [stdout] 106 | #[derive(Clone, BorshSerialize, BorshDeserialize, PartialEq, Debug)]
[INFO] [stdout]     |                                 ^^^^^^^^^^^^^^^^
[INFO] [stdout]     |
[INFO] [stdout]     = note: import resolution is stuck, try simplifying macro imports
[INFO] [stdout] 
[INFO] [stdout] 
[INFO] [stdout] error: cannot determine resolution for the macro `msg`
[INFO] [stdout]    --> src/processor.rs:554:9
[INFO] [stdout]     |
[INFO] [stdout] 554 |         msg!("Placing bid {:?}", &bid.1.to_string());
[INFO] [stdout]     |         ^^^
[INFO] [stdout]     |
[INFO] [stdout]     = note: import resolution is stuck, try simplifying macro imports
[INFO] [stdout] 
[INFO] [stdout] 
[INFO] [stdout] error: cannot determine resolution for the macro `array_ref`
[INFO] [stdout]    --> src/processor.rs:134:38
[INFO] [stdout]     |
[INFO] [stdout] 134 |             Some(u64::from_le_bytes(*array_ref![data, idx, 8]))
[INFO] [stdout]     |                                      ^^^^^^^^^
[INFO] [stdout]     |
[INFO] [stdout]     = note: import resolution is stuck, try simplifying macro imports
[INFO] [stdout] 
[INFO] [stdout] 
[INFO] [stdout] error: cannot determine resolution for the macro `msg`
[INFO] [stdout]    --> src/processor.rs:565:25
[INFO] [stdout]     |
[INFO] [stdout] 565 |                         msg!("Looking to go over the loop, but check tick size first");
[INFO] [stdout]     |                         ^^^
[INFO] [stdout]     |
[INFO] [stdout]     = note: import resolution is stuck, try simplifying macro imports
[INFO] [stdout] 
[INFO] [stdout] 
[INFO] [stdout] error: cannot determine resolution for the macro `array_ref`
[INFO] [stdout]    --> src/processor.rs:169:31
[INFO] [stdout]     |
[INFO] [stdout] 169 |         let token_mint_data = array_ref![data, 32, 32];
[INFO] [stdout]     |                               ^^^^^^^^^
[INFO] [stdout]     |
[INFO] [stdout]     = note: import resolution is stuck, try simplifying macro imports
[INFO] [stdout] 
[INFO] [stdout] 
[INFO] [stdout] error: cannot determine resolution for the macro `msg`
[INFO] [stdout]    --> src/processor.rs:568:29
[INFO] [stdout]     |
[INFO] [stdout] 568 | ...                   msg!("Comparison of {:?} and {:?} for {:?}", bids[i].1, bid.1, i);
[INFO] [stdout]     |                       ^^^
[INFO] [stdout]     |
[INFO] [stdout]     = note: import resolution is stuck, try simplifying macro imports
[INFO] [stdout] 
[INFO] [stdout] 
[INFO] [stdout] error: cannot determine resolution for the macro `array_ref`
[INFO] [stdout]    --> src/processor.rs:213:33
[INFO] [stdout]     |
[INFO] [stdout] 213 |         let num_elements_data = array_ref![data, bid_state_beginning - 4, 4];
[INFO] [stdout]     |                                 ^^^^^^^^^
[INFO] [stdout]     |
[INFO] [stdout]     = note: import resolution is stuck, try simplifying macro imports
[INFO] [stdout] 
[INFO] [stdout] 
[INFO] [stdout] error: cannot determine resolution for the macro `array_ref`
[INFO] [stdout]    --> src/processor.rs:215:24
[INFO] [stdout]     |
[INFO] [stdout] 215 |         let max_data = array_ref![data, bid_state_beginning + BID_LENGTH * num_elements, 8];
[INFO] [stdout]     |                        ^^^^^^^^^
[INFO] [stdout]     |
[INFO] [stdout]     = note: import resolution is stuck, try simplifying macro imports
[INFO] [stdout] 
[INFO] [stdout] 
[INFO] [stdout] error: cannot determine resolution for the macro `msg`
[INFO] [stdout]    --> src/processor.rs:574:33
[INFO] [stdout]     |
[INFO] [stdout] 574 | ...                   msg!("Ok we can do an insert");
[INFO] [stdout]     |                       ^^^
[INFO] [stdout]     |
[INFO] [stdout]     = note: import resolution is stuck, try simplifying macro imports
[INFO] [stdout] 
[INFO] [stdout] 
[INFO] [stdout] error: cannot determine resolution for the macro `array_ref`
[INFO] [stdout]    --> src/processor.rs:278:14
[INFO] [stdout]     |
[INFO] [stdout] 278 |         Some(array_ref![
[INFO] [stdout]     |              ^^^^^^^^^
[INFO] [stdout]     |
[INFO] [stdout]     = note: import resolution is stuck, try simplifying macro imports
[INFO] [stdout] 
[INFO] [stdout] 
[INFO] [stdout] error: cannot determine resolution for the macro `msg`
[INFO] [stdout]    --> src/processor.rs:576:37
[INFO] [stdout]     |
[INFO] [stdout] 576 | ...                   msg!("Doing a normal insert");
[INFO] [stdout]     |                       ^^^
[INFO] [stdout]     |
[INFO] [stdout]     = note: import resolution is stuck, try simplifying macro imports
[INFO] [stdout] 
[INFO] [stdout] 
[INFO] [stdout] error: cannot determine resolution for the macro `array_ref`
[INFO] [stdout]    --> src/processor.rs:309:34
[INFO] [stdout]     |
[INFO] [stdout] 309 |         Some(u64::from_le_bytes(*array_ref![
[INFO] [stdout]     |                                  ^^^^^^^^^
[INFO] [stdout]     |
[INFO] [stdout]     = note: import resolution is stuck, try simplifying macro imports
[INFO] [stdout] 
[INFO] [stdout] 
[INFO] [stdout] error: cannot determine resolution for the macro `msg`
[INFO] [stdout]    --> src/processor.rs:579:37
[INFO] [stdout]     |
[INFO] [stdout] 579 | ...                   msg!("Doing an on the end insert");
[INFO] [stdout]     |                       ^^^
[INFO] [stdout]     |
[INFO] [stdout]     = note: import resolution is stuck, try simplifying macro imports
[INFO] [stdout] 
[INFO] [stdout] 
[INFO] [stdout] error: cannot determine resolution for the macro `msg`
[INFO] [stdout]    --> src/processor.rs:380:17
[INFO] [stdout]     |
[INFO] [stdout] 380 |                 msg!("All the lots were sold with instant_sale_price, auction is ended");
[INFO] [stdout]     |                 ^^^
[INFO] [stdout]     |
[INFO] [stdout]     = note: import resolution is stuck, try simplifying macro imports
[INFO] [stdout] 
[INFO] [stdout] 
[INFO] [stdout] error: cannot determine resolution for the macro `msg`
[INFO] [stdout]    --> src/processor.rs:586:41
[INFO] [stdout]     |
[INFO] [stdout] 586 | ...                   msg!("Rejecting same-bid insert due to gap tick size of {:?}", gap_tick);
[INFO] [stdout]     |                       ^^^
[INFO] [stdout]     |
[INFO] [stdout]     = note: import resolution is stuck, try simplifying macro imports
[INFO] [stdout] 
[INFO] [stdout] 
[INFO] [stdout] error: cannot determine resolution for the macro `msg`
[INFO] [stdout]    --> src/processor.rs:591:33
[INFO] [stdout]     |
[INFO] [stdout] 591 | ...                   msg!("Ok we can do an equivalent insert");
[INFO] [stdout]     |                       ^^^
[INFO] [stdout]     |
[INFO] [stdout]     = note: import resolution is stuck, try simplifying macro imports
[INFO] [stdout] 
[INFO] [stdout] 
[INFO] [stdout] error: cannot determine resolution for the derive macro `BorshSerialize`
[INFO] [stdout]    --> src/processor.rs:428:17
[INFO] [stdout]     |
[INFO] [stdout] 428 | #[derive(Clone, BorshSerialize, BorshDeserialize, PartialEq, Debug)]
[INFO] [stdout]     |                 ^^^^^^^^^^^^^^
[INFO] [stdout]     |
[INFO] [stdout]     = note: import resolution is stuck, try simplifying macro imports
[INFO] [stdout] 
[INFO] [stdout] 
[INFO] [stdout] error: cannot determine resolution for the derive macro `BorshDeserialize`
[INFO] [stdout]    --> src/processor.rs:428:33
[INFO] [stdout]     |
[INFO] [stdout] 428 | #[derive(Clone, BorshSerialize, BorshDeserialize, PartialEq, Debug)]
[INFO] [stdout]     |                                 ^^^^^^^^^^^^^^^^
[INFO] [stdout]     |
[INFO] [stdout]     = note: import resolution is stuck, try simplifying macro imports
[INFO] [stdout] 
[INFO] [stdout] 
[INFO] [stdout] error: cannot determine resolution for the macro `msg`
[INFO] [stdout]    --> src/processor.rs:593:37
[INFO] [stdout]     |
[INFO] [stdout] 593 | ...                   msg!("Doing a normal insert");
[INFO] [stdout]     |                       ^^^
[INFO] [stdout]     |
[INFO] [stdout]     = note: import resolution is stuck, try simplifying macro imports
[INFO] [stdout] 
[INFO] [stdout] 
[INFO] [stdout] error: cannot determine resolution for the macro `msg`
[INFO] [stdout]    --> src/processor.rs:598:41
[INFO] [stdout]     |
[INFO] [stdout] 598 | ...                   msg!("Doing an insert just before");
[INFO] [stdout]     |                       ^^^
[INFO] [stdout]     |
[INFO] [stdout]     = note: import resolution is stuck, try simplifying macro imports
[INFO] [stdout] 
[INFO] [stdout] 
[INFO] [stdout] error: cannot determine resolution for the derive macro `BorshSerialize`
[INFO] [stdout]    --> src/processor.rs:460:17
[INFO] [stdout]     |
[INFO] [stdout] 460 | #[derive(Clone, BorshSerialize, BorshDeserialize, PartialEq, Debug)]
[INFO] [stdout]     |                 ^^^^^^^^^^^^^^
[INFO] [stdout]     |
[INFO] [stdout]     = note: import resolution is stuck, try simplifying macro imports
[INFO] [stdout] 
[INFO] [stdout] 
[INFO] [stdout] error: cannot determine resolution for the macro `msg`
[INFO] [stdout]    --> src/processor.rs:602:37
[INFO] [stdout]     |
[INFO] [stdout] 602 | ...                   msg!("More duplicates ahead...")
[INFO] [stdout]     |                       ^^^
[INFO] [stdout]     |
[INFO] [stdout]     = note: import resolution is stuck, try simplifying macro imports
[INFO] [stdout] 
[INFO] [stdout] 
[INFO] [stdout] error: cannot determine resolution for the derive macro `BorshDeserialize`
[INFO] [stdout]    --> src/processor.rs:460:33
[INFO] [stdout]     |
[INFO] [stdout] 460 | #[derive(Clone, BorshSerialize, BorshDeserialize, PartialEq, Debug)]
[INFO] [stdout]     |                                 ^^^^^^^^^^^^^^^^
[INFO] [stdout]     |
[INFO] [stdout]     = note: import resolution is stuck, try simplifying macro imports
[INFO] [stdout] 
[INFO] [stdout] 
[INFO] [stdout] error: cannot determine resolution for the macro `msg`
[INFO] [stdout]    --> src/processor.rs:605:33
[INFO] [stdout]     |
[INFO] [stdout] 605 | ...                   msg!("Inserting at 0");
[INFO] [stdout]     |                       ^^^
[INFO] [stdout]     |
[INFO] [stdout]     = note: import resolution is stuck, try simplifying macro imports
[INFO] [stdout] 
[INFO] [stdout] 
[INFO] [stdout] error: cannot determine resolution for the derive macro `BorshSerialize`
[INFO] [stdout]    --> src/processor.rs:466:17
[INFO] [stdout]     |
[INFO] [stdout] 466 | #[derive(Clone, BorshSerialize, BorshDeserialize, PartialEq, Debug)]
[INFO] [stdout]     |                 ^^^^^^^^^^^^^^
[INFO] [stdout]     |
[INFO] [stdout]     = note: import resolution is stuck, try simplifying macro imports
[INFO] [stdout] 
[INFO] [stdout] 
[INFO] [stdout] error: cannot determine resolution for the macro `msg`
[INFO] [stdout]    --> src/processor.rs:619:25
[INFO] [stdout]     |
[INFO] [stdout] 619 |                         msg!("Pushing bid onto stack");
[INFO] [stdout]     |                         ^^^
[INFO] [stdout]     |
[INFO] [stdout]     = note: import resolution is stuck, try simplifying macro imports
[INFO] [stdout] 
[INFO] [stdout] 
[INFO] [stdout] error: cannot determine resolution for the derive macro `BorshDeserialize`
[INFO] [stdout]    --> src/processor.rs:466:33
[INFO] [stdout]     |
[INFO] [stdout] 466 | #[derive(Clone, BorshSerialize, BorshDeserialize, PartialEq, Debug)]
[INFO] [stdout]     |                                 ^^^^^^^^^^^^^^^^
[INFO] [stdout]     |
[INFO] [stdout]     = note: import resolution is stuck, try simplifying macro imports
[INFO] [stdout] 
[INFO] [stdout] 
[INFO] [stdout] error: cannot determine resolution for the derive macro `BorshSerialize`
[INFO] [stdout]    --> src/processor.rs:726:17
[INFO] [stdout]     |
[INFO] [stdout] 726 | #[derive(Clone, BorshSerialize, BorshDeserialize, PartialEq, Debug)]
[INFO] [stdout]     |                 ^^^^^^^^^^^^^^
[INFO] [stdout]     |
[INFO] [stdout]     = note: import resolution is stuck, try simplifying macro imports
[INFO] [stdout] 
[INFO] [stdout] 
[INFO] [stdout] error: cannot determine resolution for the macro `msg`
[INFO] [stdout]    --> src/processor.rs:507:17
[INFO] [stdout]     |
[INFO] [stdout] 507 |                 msg!(
[INFO] [stdout]     |                 ^^^
[INFO] [stdout]     |
[INFO] [stdout]     = note: import resolution is stuck, try simplifying macro imports
[INFO] [stdout] 
[INFO] [stdout] 
[INFO] [stdout] error: cannot determine resolution for the derive macro `BorshDeserialize`
[INFO] [stdout]    --> src/processor.rs:726:33
[INFO] [stdout]     |
[INFO] [stdout] 726 | #[derive(Clone, BorshSerialize, BorshDeserialize, PartialEq, Debug)]
[INFO] [stdout]     |                                 ^^^^^^^^^^^^^^^^
[INFO] [stdout]     |
[INFO] [stdout]     = note: import resolution is stuck, try simplifying macro imports
[INFO] [stdout] 
[INFO] [stdout] 
[INFO] [stdout] error: cannot determine resolution for the macro `msg`
[INFO] [stdout]    --> src/processor.rs:515:13
[INFO] [stdout]     |
[INFO] [stdout] 515 |             msg!("No tick size on this auction")
[INFO] [stdout]     |             ^^^
[INFO] [stdout]     |
[INFO] [stdout]     = note: import resolution is stuck, try simplifying macro imports
[INFO] [stdout] 
[INFO] [stdout] 
[INFO] [stdout] error: cannot determine resolution for the derive macro `BorshSerialize`
[INFO] [stdout]    --> src/processor.rs:736:17
[INFO] [stdout]     |
[INFO] [stdout] 736 | #[derive(Clone, BorshSerialize, BorshDeserialize, PartialEq, Debug)]
[INFO] [stdout]     |                 ^^^^^^^^^^^^^^
[INFO] [stdout]     |
[INFO] [stdout]     = note: import resolution is stuck, try simplifying macro imports
[INFO] [stdout] 
[INFO] [stdout] 
[INFO] [stdout] error: cannot determine resolution for the macro `msg`
[INFO] [stdout]    --> src/processor.rs:536:13
[INFO] [stdout]     |
[INFO] [stdout] 536 | ...   msg!("Rejecting inserting this bid due to gap tick size of {:?} which causes min bid of {:?} from {:?} which is the bid it is tryin...
[INFO] [stdout]     |       ^^^
[INFO] [stdout]     |
[INFO] [stdout]     = note: import resolution is stuck, try simplifying macro imports
[INFO] [stdout] 
[INFO] [stdout] 
[INFO] [stdout] error: cannot determine resolution for the derive macro `BorshDeserialize`
[INFO] [stdout]    --> src/processor.rs:736:33
[INFO] [stdout]     |
[INFO] [stdout] 736 | #[derive(Clone, BorshSerialize, BorshDeserialize, PartialEq, Debug)]
[INFO] [stdout]     |                                 ^^^^^^^^^^^^^^^^
[INFO] [stdout]     |
[INFO] [stdout]     = note: import resolution is stuck, try simplifying macro imports
[INFO] [stdout] 
[INFO] [stdout] 
[INFO] [stdout] error: cannot determine resolution for the derive macro `BorshSerialize`
[INFO] [stdout]    --> src/processor.rs:764:17
[INFO] [stdout]     |
[INFO] [stdout] 764 | #[derive(Clone, BorshSerialize, BorshDeserialize, PartialEq)]
[INFO] [stdout]     |                 ^^^^^^^^^^^^^^
[INFO] [stdout]     |
[INFO] [stdout]     = note: import resolution is stuck, try simplifying macro imports
[INFO] [stdout] 
[INFO] [stdout] 
[INFO] [stdout] error: cannot determine resolution for the macro `msg`
[INFO] [stdout]    --> src/processor.rs:554:9
[INFO] [stdout]     |
[INFO] [stdout] 554 |         msg!("Placing bid {:?}", &bid.1.to_string());
[INFO] [stdout]     |         ^^^
[INFO] [stdout]     |
[INFO] [stdout]     = note: import resolution is stuck, try simplifying macro imports
[INFO] [stdout] 
[INFO] [stdout] 
[INFO] [stdout] error: cannot determine resolution for the derive macro `BorshDeserialize`
[INFO] [stdout]    --> src/processor.rs:764:33
[INFO] [stdout]     |
[INFO] [stdout] 764 | #[derive(Clone, BorshSerialize, BorshDeserialize, PartialEq)]
[INFO] [stdout]     |                                 ^^^^^^^^^^^^^^^^
[INFO] [stdout]     |
[INFO] [stdout]     = note: import resolution is stuck, try simplifying macro imports
[INFO] [stdout] 
[INFO] [stdout] 
[INFO] [stdout] error: cannot determine resolution for the macro `msg`
[INFO] [stdout]    --> src/processor.rs:565:25
[INFO] [stdout]     |
[INFO] [stdout] 565 |                         msg!("Looking to go over the loop, but check tick size first");
[INFO] [stdout]     |                         ^^^
[INFO] [stdout]     |
[INFO] [stdout]     = note: import resolution is stuck, try simplifying macro imports
[INFO] [stdout] 
[INFO] [stdout] 
[INFO] [stdout] error: cannot determine resolution for the macro `msg`
[INFO] [stdout]    --> src/processor.rs:568:29
[INFO] [stdout]     |
[INFO] [stdout] 568 | ...                   msg!("Comparison of {:?} and {:?} for {:?}", bids[i].1, bid.1, i);
[INFO] [stdout]     |                       ^^^
[INFO] [stdout]     |
[INFO] [stdout]     = note: import resolution is stuck, try simplifying macro imports
[INFO] [stdout] 
[INFO] [stdout] 
[INFO] [stdout] error: cannot determine resolution for the macro `msg`
[INFO] [stdout]    --> src/processor.rs:574:33
[INFO] [stdout]     |
[INFO] [stdout] 574 | ...                   msg!("Ok we can do an insert");
[INFO] [stdout]     |                       ^^^
[INFO] [stdout]     |
[INFO] [stdout]     = note: import resolution is stuck, try simplifying macro imports
[INFO] [stdout] 
[INFO] [stdout] 
[INFO] [stdout] error: cannot determine resolution for the macro `msg`
[INFO] [stdout]    --> src/processor.rs:576:37
[INFO] [stdout]     |
[INFO] [stdout] 576 | ...                   msg!("Doing a normal insert");
[INFO] [stdout]     |                       ^^^
[INFO] [stdout]     |
[INFO] [stdout]     = note: import resolution is stuck, try simplifying macro imports
[INFO] [stdout] 
[INFO] [stdout] 
[INFO] [stdout] error: cannot determine resolution for the macro `msg`
[INFO] [stdout]    --> src/processor.rs:579:37
[INFO] [stdout]     |
[INFO] [stdout] 579 | ...                   msg!("Doing an on the end insert");
[INFO] [stdout]     |                       ^^^
[INFO] [stdout]     |
[INFO] [stdout]     = note: import resolution is stuck, try simplifying macro imports
[INFO] [stdout] 
[INFO] [stdout] 
[INFO] [stdout] error: cannot determine resolution for the macro `msg`
[INFO] [stdout]    --> src/processor.rs:586:41
[INFO] [stdout]     |
[INFO] [stdout] 586 | ...                   msg!("Rejecting same-bid insert due to gap tick size of {:?}", gap_tick);
[INFO] [stdout]     |                       ^^^
[INFO] [stdout]     |
[INFO] [stdout]     = note: import resolution is stuck, try simplifying macro imports
[INFO] [stdout] 
[INFO] [stdout] 
[INFO] [stdout] error: cannot determine resolution for the macro `msg`
[INFO] [stdout]    --> src/processor.rs:591:33
[INFO] [stdout]     |
[INFO] [stdout] 591 | ...                   msg!("Ok we can do an equivalent insert");
[INFO] [stdout]     |                       ^^^
[INFO] [stdout]     |
[INFO] [stdout]     = note: import resolution is stuck, try simplifying macro imports
[INFO] [stdout] 
[INFO] [stdout] 
[INFO] [stdout] error: cannot determine resolution for the macro `msg`
[INFO] [stdout]    --> src/processor.rs:593:37
[INFO] [stdout]     |
[INFO] [stdout] 593 | ...                   msg!("Doing a normal insert");
[INFO] [stdout]     |                       ^^^
[INFO] [stdout]     |
[INFO] [stdout]     = note: import resolution is stuck, try simplifying macro imports
[INFO] [stdout] 
[INFO] [stdout] 
[INFO] [stdout] error: cannot determine resolution for the macro `msg`
[INFO] [stdout]    --> src/processor.rs:598:41
[INFO] [stdout]     |
[INFO] [stdout] 598 | ...                   msg!("Doing an insert just before");
[INFO] [stdout]     |                       ^^^
[INFO] [stdout]     |
[INFO] [stdout]     = note: import resolution is stuck, try simplifying macro imports
[INFO] [stdout] 
[INFO] [stdout] 
[INFO] [stdout] error: cannot determine resolution for the macro `msg`
[INFO] [stdout]    --> src/processor.rs:602:37
[INFO] [stdout]     |
[INFO] [stdout] 602 | ...                   msg!("More duplicates ahead...")
[INFO] [stdout]     |                       ^^^
[INFO] [stdout]     |
[INFO] [stdout]     = note: import resolution is stuck, try simplifying macro imports
[INFO] [stdout] 
[INFO] [stdout] 
[INFO] [stdout] error: cannot determine resolution for the macro `msg`
[INFO] [stdout]    --> src/processor.rs:605:33
[INFO] [stdout]     |
[INFO] [stdout] 605 | ...                   msg!("Inserting at 0");
[INFO] [stdout]     |                       ^^^
[INFO] [stdout]     |
[INFO] [stdout]     = note: import resolution is stuck, try simplifying macro imports
[INFO] [stdout] 
[INFO] [stdout] 
[INFO] [stdout] error: cannot determine resolution for the macro `msg`
[INFO] [stdout]    --> src/processor.rs:619:25
[INFO] [stdout]     |
[INFO] [stdout] 619 |                         msg!("Pushing bid onto stack");
[INFO] [stdout]     |                         ^^^
[INFO] [stdout]     |
[INFO] [stdout]     = note: import resolution is stuck, try simplifying macro imports
[INFO] [stdout] 
[INFO] [stdout] 
[INFO] [stdout] error: cannot determine resolution for the derive macro `BorshSerialize`
[INFO] [stdout]    --> src/processor.rs:726:17
[INFO] [stdout]     |
[INFO] [stdout] 726 | #[derive(Clone, BorshSerialize, BorshDeserialize, PartialEq, Debug)]
[INFO] [stdout]     |                 ^^^^^^^^^^^^^^
[INFO] [stdout]     |
[INFO] [stdout]     = note: import resolution is stuck, try simplifying macro imports
[INFO] [stdout] 
[INFO] [stdout] 
[INFO] [stdout] error: cannot determine resolution for the derive macro `BorshDeserialize`
[INFO] [stdout]    --> src/processor.rs:726:33
[INFO] [stdout]     |
[INFO] [stdout] 726 | #[derive(Clone, BorshSerialize, BorshDeserialize, PartialEq, Debug)]
[INFO] [stdout]     |                                 ^^^^^^^^^^^^^^^^
[INFO] [stdout]     |
[INFO] [stdout]     = note: import resolution is stuck, try simplifying macro imports
[INFO] [stdout] 
[INFO] [stdout] 
[INFO] [stdout] error: cannot determine resolution for the derive macro `BorshSerialize`
[INFO] [stdout]    --> src/processor.rs:736:17
[INFO] [stdout]     |
[INFO] [stdout] 736 | #[derive(Clone, BorshSerialize, BorshDeserialize, PartialEq, Debug)]
[INFO] [stdout]     |                 ^^^^^^^^^^^^^^
[INFO] [stdout]     |
[INFO] [stdout]     = note: import resolution is stuck, try simplifying macro imports
[INFO] [stdout] 
[INFO] [stdout] 
[INFO] [stdout] error: cannot determine resolution for the derive macro `BorshDeserialize`
[INFO] [stdout]    --> src/processor.rs:736:33
[INFO] [stdout]     |
[INFO] [stdout] 736 | #[derive(Clone, BorshSerialize, BorshDeserialize, PartialEq, Debug)]
[INFO] [stdout]     |                                 ^^^^^^^^^^^^^^^^
[INFO] [stdout]     |
[INFO] [stdout]     = note: import resolution is stuck, try simplifying macro imports
[INFO] [stdout] 
[INFO] [stdout] 
[INFO] [stdout] error: cannot determine resolution for the derive macro `BorshSerialize`
[INFO] [stdout]    --> src/processor.rs:764:17
[INFO] [stdout]     |
[INFO] [stdout] 764 | #[derive(Clone, BorshSerialize, BorshDeserialize, PartialEq)]
[INFO] [stdout]     |                 ^^^^^^^^^^^^^^
[INFO] [stdout]     |
[INFO] [stdout]     = note: import resolution is stuck, try simplifying macro imports
[INFO] [stdout] 
[INFO] [stdout] 
[INFO] [stdout] error: cannot determine resolution for the derive macro `BorshDeserialize`
[INFO] [stdout]    --> src/processor.rs:764:33
[INFO] [stdout]     |
[INFO] [stdout] 764 | #[derive(Clone, BorshSerialize, BorshDeserialize, PartialEq)]
[INFO] [stdout]     |                                 ^^^^^^^^^^^^^^^^
[INFO] [stdout]     |
[INFO] [stdout]     = note: import resolution is stuck, try simplifying macro imports
[INFO] [stdout] 
[INFO] [stdout] 
[INFO] [stdout] error[E0433]: failed to resolve: use of undeclared crate or module `spl_token`
[INFO] [stdout]    --> src/utils.rs:154:10
[INFO] [stdout]     |
[INFO] [stdout] 154 |         &spl_token::instruction::transfer(
[INFO] [stdout]     |          ^^^^^^^^^ use of undeclared crate or module `spl_token`
[INFO] [stdout] 
[INFO] [stdout] 
[INFO] [stdout] error[E0433]: failed to resolve: use of undeclared crate or module `spl_token`
[INFO] [stdout]    --> src/utils.rs:199:16
[INFO] [stdout]     |
[INFO] [stdout] 199 |     let size = spl_token::state::Account::LEN;
[INFO] [stdout]     |                ^^^^^^^^^ use of undeclared crate or module `spl_token`
[INFO] [stdout] 
[INFO] [stdout] 
[INFO] [stdout] error[E0433]: failed to resolve: use of undeclared crate or module `spl_token`
[INFO] [stdout]    --> src/utils.rs:218:10
[INFO] [stdout]     |
[INFO] [stdout] 218 |         &spl_token::instruction::initialize_account(
[INFO] [stdout]     |          ^^^^^^^^^ use of undeclared crate or module `spl_token`
[INFO] [stdout] 
[INFO] [stdout] 
[INFO] [stdout] error[E0433]: failed to resolve: use of undeclared crate or module `spl_token`
[INFO] [stdout]    --> src/utils.rs:154:10
[INFO] [stdout]     |
[INFO] [stdout] 154 |         &spl_token::instruction::transfer(
[INFO] [stdout]     |          ^^^^^^^^^ use of undeclared crate or module `spl_token`
[INFO] [stdout] 
[INFO] [stdout] 
[INFO] [stdout] error[E0433]: failed to resolve: use of undeclared crate or module `spl_token`
[INFO] [stdout]    --> src/utils.rs:199:16
[INFO] [stdout]     |
[INFO] [stdout] 199 |     let size = spl_token::state::Account::LEN;
[INFO] [stdout]     |                ^^^^^^^^^ use of undeclared crate or module `spl_token`
[INFO] [stdout] 
[INFO] [stdout] 
[INFO] [stdout] error[E0433]: failed to resolve: use of undeclared crate or module `solana_program`
[INFO] [stdout]    --> src/instruction.rs:125:39
[INFO] [stdout]     |
[INFO] [stdout] 125 |             AccountMeta::new_readonly(solana_program::system_program::id(), false),
[INFO] [stdout]     |                                       ^^^^^^^^^^^^^^ use of undeclared crate or module `solana_program`
[INFO] [stdout] 
[INFO] [stdout] 
[INFO] [stdout] error[E0433]: failed to resolve: use of undeclared crate or module `solana_program`
[INFO] [stdout]    --> src/instruction.rs:161:39
[INFO] [stdout]     |
[INFO] [stdout] 161 |             AccountMeta::new_readonly(solana_program::system_program::id(), false),
[INFO] [stdout]     |                                       ^^^^^^^^^^^^^^ use of undeclared crate or module `solana_program`
[INFO] [stdout] 
[INFO] [stdout] 
[INFO] [stdout] error[E0433]: failed to resolve: use of undeclared crate or module `spl_token`
[INFO] [stdout]    --> src/utils.rs:218:10
[INFO] [stdout]     |
[INFO] [stdout] 218 |         &spl_token::instruction::initialize_account(
[INFO] [stdout]     |          ^^^^^^^^^ use of undeclared crate or module `spl_token`
[INFO] [stdout] 
[INFO] [stdout] 
[INFO] [stdout] error[E0433]: failed to resolve: use of undeclared crate or module `solana_program`
[INFO] [stdout]    --> src/instruction.rs:275:39
[INFO] [stdout]     |
[INFO] [stdout] 275 |             AccountMeta::new_readonly(solana_program::system_program::id(), false),
[INFO] [stdout]     |                                       ^^^^^^^^^^^^^^ use of undeclared crate or module `solana_program`
[INFO] [stdout] 
[INFO] [stdout] 
[INFO] [stdout] error[E0433]: failed to resolve: use of undeclared crate or module `solana_program`
[INFO] [stdout]    --> src/instruction.rs:125:39
[INFO] [stdout]     |
[INFO] [stdout] 125 |             AccountMeta::new_readonly(solana_program::system_program::id(), false),
[INFO] [stdout]     |                                       ^^^^^^^^^^^^^^ use of undeclared crate or module `solana_program`
[INFO] [stdout] 
[INFO] [stdout] 
[INFO] [stdout] error[E0433]: failed to resolve: use of undeclared crate or module `solana_program`
[INFO] [stdout]    --> src/instruction.rs:339:39
[INFO] [stdout]     |
[INFO] [stdout] 339 |             AccountMeta::new_readonly(solana_program::system_program::id(), false),
[INFO] [stdout]     |                                       ^^^^^^^^^^^^^^ use of undeclared crate or module `solana_program`
[INFO] [stdout] 
[INFO] [stdout] 
[INFO] [stdout] error[E0433]: failed to resolve: use of undeclared crate or module `solana_program`
[INFO] [stdout]    --> src/instruction.rs:161:39
[INFO] [stdout]     |
[INFO] [stdout] 161 |             AccountMeta::new_readonly(solana_program::system_program::id(), false),
[INFO] [stdout]     |                                       ^^^^^^^^^^^^^^ use of undeclared crate or module `solana_program`
[INFO] [stdout] 
[INFO] [stdout] 
[INFO] [stdout] error[E0433]: failed to resolve: use of undeclared crate or module `solana_program`
[INFO] [stdout]    --> src/instruction.rs:275:39
[INFO] [stdout]     |
[INFO] [stdout] 275 |             AccountMeta::new_readonly(solana_program::system_program::id(), false),
[INFO] [stdout]     |                                       ^^^^^^^^^^^^^^ use of undeclared crate or module `solana_program`
[INFO] [stdout] 
[INFO] [stdout] 
[INFO] [stdout] error[E0433]: failed to resolve: use of undeclared crate or module `solana_program`
[INFO] [stdout]    --> src/instruction.rs:339:39
[INFO] [stdout]     |
[INFO] [stdout] 339 |             AccountMeta::new_readonly(solana_program::system_program::id(), false),
[INFO] [stdout]     |                                       ^^^^^^^^^^^^^^ use of undeclared crate or module `solana_program`
[INFO] [stdout] 
[INFO] [stdout] 
[INFO] [stdout] error[E0433]: failed to resolve: use of undeclared crate or module `spl_token`
[INFO] [stdout]   --> src/utils.rs:31:35
[INFO] [stdout]    |
[INFO] [stdout] 31 |     if *token_program_info.key != spl_token::id() {
[INFO] [stdout]    |                                   ^^^^^^^^^ use of undeclared crate or module `spl_token`
[INFO] [stdout] 
[INFO] [stdout] 
[INFO] [stdout] error[E0433]: failed to resolve: use of undeclared crate or module `spl_token`
[INFO] [stdout]   --> src/utils.rs:31:35
[INFO] [stdout]    |
[INFO] [stdout] 31 |     if *token_program_info.key != spl_token::id() {
[INFO] [stdout]    |                                   ^^^^^^^^^ use of undeclared crate or module `spl_token`
[INFO] [stdout] 
[INFO] [stdout] 
[INFO] [stdout] error[E0433]: failed to resolve: use of undeclared crate or module `spl_token`
[INFO] [stdout]    --> src/utils.rs:212:14
[INFO] [stdout]     |
[INFO] [stdout] 212 |             &spl_token::id(),
[INFO] [stdout]     |              ^^^^^^^^^ use of undeclared crate or module `spl_token`
[INFO] [stdout] 
[INFO] [stdout] 
[INFO] [stdout] error[E0433]: failed to resolve: use of undeclared crate or module `spl_token`
[INFO] [stdout]    --> src/utils.rs:212:14
[INFO] [stdout]     |
[INFO] [stdout] 212 |             &spl_token::id(),
[INFO] [stdout]     |              ^^^^^^^^^ use of undeclared crate or module `spl_token`
[INFO] [stdout] 
[INFO] [stdout] 
[INFO] [stdout] error[E0433]: failed to resolve: use of undeclared crate or module `spl_token`
[INFO] [stdout]    --> src/utils.rs:219:14
[INFO] [stdout]     |
[INFO] [stdout] 219 |             &spl_token::id(),
[INFO] [stdout]     |              ^^^^^^^^^ use of undeclared crate or module `spl_token`
[INFO] [stdout] 
[INFO] [stdout] 
[INFO] [stdout] error[E0433]: failed to resolve: use of undeclared crate or module `spl_token`
[INFO] [stdout]    --> src/utils.rs:219:14
[INFO] [stdout]     |
[INFO] [stdout] 219 |             &spl_token::id(),
[INFO] [stdout]     |              ^^^^^^^^^ use of undeclared crate or module `spl_token`
[INFO] [stdout] 
[INFO] [stdout] 
[INFO] [stdout] error[E0433]: failed to resolve: use of undeclared crate or module `spl_token`
[INFO] [stdout]    --> src/instruction.rs:276:39
[INFO] [stdout]     |
[INFO] [stdout] 276 |             AccountMeta::new_readonly(spl_token::id(), false),
[INFO] [stdout]     |                                       ^^^^^^^^^ use of undeclared crate or module `spl_token`
[INFO] [stdout] 
[INFO] [stdout] 
[INFO] [stdout] error[E0433]: failed to resolve: use of undeclared crate or module `spl_token`
[INFO] [stdout]    --> src/instruction.rs:276:39
[INFO] [stdout]     |
[INFO] [stdout] 276 |             AccountMeta::new_readonly(spl_token::id(), false),
[INFO] [stdout]     |                                       ^^^^^^^^^ use of undeclared crate or module `spl_token`
[INFO] [stdout] 
[INFO] [stdout] 
[INFO] [stdout] error[E0433]: failed to resolve: use of undeclared crate or module `spl_token`
[INFO] [stdout]    --> src/instruction.rs:340:39
[INFO] [stdout]     |
[INFO] [stdout] 340 |             AccountMeta::new_readonly(spl_token::id(), false),
[INFO] [stdout]     |                                       ^^^^^^^^^ use of undeclared crate or module `spl_token`
[INFO] [stdout] 
[INFO] [stdout] 
[INFO] [stdout] error[E0433]: failed to resolve: use of undeclared crate or module `spl_token`
[INFO] [stdout]    --> src/instruction.rs:340:39
[INFO] [stdout]     |
[INFO] [stdout] 340 |             AccountMeta::new_readonly(spl_token::id(), false),
[INFO] [stdout]     |                                       ^^^^^^^^^ use of undeclared crate or module `spl_token`
[INFO] [stdout] 
[INFO] [stdout] 
[INFO] [stdout] error[E0433]: failed to resolve: use of undeclared crate or module `spl_token`
[INFO] [stdout]    --> src/instruction.rs:406:35
[INFO] [stdout]     |
[INFO] [stdout] 406 |         AccountMeta::new_readonly(spl_token::id(), false),        
[INFO] [stdout]     |                                   ^^^^^^^^^ use of undeclared crate or module `spl_token`
[INFO] [stdout] 
[INFO] [stdout] 
[INFO] [stdout] error[E0433]: failed to resolve: use of undeclared crate or module `spl_token`
[INFO] [stdout]    --> src/instruction.rs:406:35
[INFO] [stdout]     |
[INFO] [stdout] 406 |         AccountMeta::new_readonly(spl_token::id(), false),        
[INFO] [stdout]     |                                   ^^^^^^^^^ use of undeclared crate or module `spl_token`
[INFO] [stdout] 
[INFO] [stdout] 
[INFO] [stdout] error[E0433]: failed to resolve: use of undeclared crate or module `spl_token`
[INFO] [stdout]   --> src/processor/cancel_bid.rs:80:37
[INFO] [stdout]    |
[INFO] [stdout] 80 |     assert_owned_by(accounts.mint, &spl_token::id())?;
[INFO] [stdout]    |                                     ^^^^^^^^^ use of undeclared crate or module `spl_token`
[INFO] [stdout] 
[INFO] [stdout] 
[INFO] [stdout] error[E0433]: failed to resolve: use of undeclared crate or module `spl_token`
[INFO] [stdout]   --> src/processor/cancel_bid.rs:82:49
[INFO] [stdout]    |
[INFO] [stdout] 82 |     assert_owned_by(accounts.bidder_pot_token, &spl_token::id())?;
[INFO] [stdout]    |                                                 ^^^^^^^^^ use of undeclared crate or module `spl_token`
[INFO] [stdout] 
[INFO] [stdout] 
[INFO] [stdout] error[E0433]: failed to resolve: use of undeclared crate or module `spl_token`
[INFO] [stdout]   --> src/processor/cancel_bid.rs:86:39
[INFO] [stdout]    |
[INFO] [stdout] 86 |     if *accounts.token_program.key != spl_token::id() {
[INFO] [stdout]    |                                       ^^^^^^^^^ use of undeclared crate or module `spl_token`
[INFO] [stdout] 
[INFO] [stdout] 
[INFO] [stdout] error[E0433]: failed to resolve: use of undeclared crate or module `spl_token`
[INFO] [stdout]   --> src/processor/cancel_bid.rs:80:37
[INFO] [stdout]    |
[INFO] [stdout] 80 |     assert_owned_by(accounts.mint, &spl_token::id())?;
[INFO] [stdout]    |                                     ^^^^^^^^^ use of undeclared crate or module `spl_token`
[INFO] [stdout] 
[INFO] [stdout] 
[INFO] [stdout] error[E0433]: failed to resolve: use of undeclared crate or module `spl_token`
[INFO] [stdout]   --> src/processor/claim_bid.rs:69:37
[INFO] [stdout]    |
[INFO] [stdout] 69 |     assert_owned_by(accounts.mint, &spl_token::id())?;
[INFO] [stdout]    |                                     ^^^^^^^^^ use of undeclared crate or module `spl_token`
[INFO] [stdout] 
[INFO] [stdout] 
[INFO] [stdout] error[E0433]: failed to resolve: use of undeclared crate or module `spl_token`
[INFO] [stdout]   --> src/processor/claim_bid.rs:70:44
[INFO] [stdout]    |
[INFO] [stdout] 70 |     assert_owned_by(accounts.destination, &spl_token::id())?;
[INFO] [stdout]    |                                            ^^^^^^^^^ use of undeclared crate or module `spl_token`
[INFO] [stdout] 
[INFO] [stdout] 
[INFO] [stdout] error[E0433]: failed to resolve: use of undeclared crate or module `spl_token`
[INFO] [stdout]   --> src/processor/cancel_bid.rs:82:49
[INFO] [stdout]    |
[INFO] [stdout] 82 |     assert_owned_by(accounts.bidder_pot_token, &spl_token::id())?;
[INFO] [stdout]    |                                                 ^^^^^^^^^ use of undeclared crate or module `spl_token`
[INFO] [stdout] 
[INFO] [stdout] 
[INFO] [stdout] error[E0433]: failed to resolve: use of undeclared crate or module `spl_token`
[INFO] [stdout]   --> src/processor/claim_bid.rs:71:49
[INFO] [stdout]    |
[INFO] [stdout] 71 |     assert_owned_by(accounts.bidder_pot_token, &spl_token::id())?;
[INFO] [stdout]    |                                                 ^^^^^^^^^ use of undeclared crate or module `spl_token`
[INFO] [stdout] 
[INFO] [stdout] 
[INFO] [stdout] error[E0433]: failed to resolve: use of undeclared crate or module `spl_token`
[INFO] [stdout]   --> src/processor/claim_bid.rs:80:39
[INFO] [stdout]    |
[INFO] [stdout] 80 |     if *accounts.token_program.key != spl_token::id() {
[INFO] [stdout]    |                                       ^^^^^^^^^ use of undeclared crate or module `spl_token`
[INFO] [stdout] 
[INFO] [stdout] 
[INFO] [stdout] error[E0433]: failed to resolve: use of undeclared crate or module `spl_token`
[INFO] [stdout]   --> src/processor/cancel_bid.rs:86:39
[INFO] [stdout]    |
[INFO] [stdout] 86 |     if *accounts.token_program.key != spl_token::id() {
[INFO] [stdout]    |                                       ^^^^^^^^^ use of undeclared crate or module `spl_token`
[INFO] [stdout] 
[INFO] [stdout] 
[INFO] [stdout] error[E0433]: failed to resolve: use of undeclared crate or module `spl_token`
[INFO] [stdout]   --> src/processor/claim_bid.rs:69:37
[INFO] [stdout]    |
[INFO] [stdout] 69 |     assert_owned_by(accounts.mint, &spl_token::id())?;
[INFO] [stdout]    |                                     ^^^^^^^^^ use of undeclared crate or module `spl_token`
[INFO] [stdout] 
[INFO] [stdout] 
[INFO] [stdout] error[E0433]: failed to resolve: use of undeclared crate or module `spl_token`
[INFO] [stdout]    --> src/processor/place_bid.rs:101:45
[INFO] [stdout]     |
[INFO] [stdout] 101 |     assert_owned_by(accounts.bidder_token, &spl_token::id())?;
[INFO] [stdout]     |                                             ^^^^^^^^^ use of undeclared crate or module `spl_token`
[INFO] [stdout] 
[INFO] [stdout] 
[INFO] [stdout] error[E0433]: failed to resolve: use of undeclared crate or module `spl_token`
[INFO] [stdout]   --> src/processor/claim_bid.rs:70:44
[INFO] [stdout]    |
[INFO] [stdout] 70 |     assert_owned_by(accounts.destination, &spl_token::id())?;
[INFO] [stdout]    |                                            ^^^^^^^^^ use of undeclared crate or module `spl_token`
[INFO] [stdout] 
[INFO] [stdout] 
[INFO] [stdout] error[E0433]: failed to resolve: use of undeclared crate or module `spl_token`
[INFO] [stdout]    --> src/processor/place_bid.rs:110:37
[INFO] [stdout]     |
[INFO] [stdout] 110 |     assert_owned_by(accounts.mint, &spl_token::id())?;
[INFO] [stdout]     |                                     ^^^^^^^^^ use of undeclared crate or module `spl_token`
[INFO] [stdout] 
[INFO] [stdout] 
[INFO] [stdout] error[E0433]: failed to resolve: use of undeclared crate or module `spl_token`
[INFO] [stdout]   --> src/processor/claim_bid.rs:71:49
[INFO] [stdout]    |
[INFO] [stdout] 71 |     assert_owned_by(accounts.bidder_pot_token, &spl_token::id())?;
[INFO] [stdout]    |                                                 ^^^^^^^^^ use of undeclared crate or module `spl_token`
[INFO] [stdout] 
[INFO] [stdout] 
[INFO] [stdout] error[E0433]: failed to resolve: use of undeclared crate or module `spl_token`
[INFO] [stdout]    --> src/processor/place_bid.rs:111:49
[INFO] [stdout]     |
[INFO] [stdout] 111 |     assert_owned_by(accounts.bidder_pot_token, &spl_token::id())?;
[INFO] [stdout]     |                                                 ^^^^^^^^^ use of undeclared crate or module `spl_token`
[INFO] [stdout] 
[INFO] [stdout] 
[INFO] [stdout] error[E0433]: failed to resolve: use of undeclared crate or module `spl_token`
[INFO] [stdout]    --> src/processor/place_bid.rs:117:39
[INFO] [stdout]     |
[INFO] [stdout] 117 |     if *accounts.token_program.key != spl_token::id() {
[INFO] [stdout]     |                                       ^^^^^^^^^ use of undeclared crate or module `spl_token`
[INFO] [stdout] 
[INFO] [stdout] 
[INFO] [stdout] error[E0433]: failed to resolve: use of undeclared crate or module `spl_token`
[INFO] [stdout]   --> src/processor/claim_bid.rs:80:39
[INFO] [stdout]    |
[INFO] [stdout] 80 |     if *accounts.token_program.key != spl_token::id() {
[INFO] [stdout]    |                                       ^^^^^^^^^ use of undeclared crate or module `spl_token`
[INFO] [stdout] 
[INFO] [stdout] 
[INFO] [stdout] error: aborting due to 134 previous errors
[INFO] [stdout] 
[INFO] [stdout] 
[INFO] [stdout] Some errors have detailed explanations: E0432, E0433.
[INFO] [stdout] 
[INFO] [stdout] error[E0433]: failed to resolve: use of undeclared crate or module `spl_token`
[INFO] [stdout]    --> src/processor/place_bid.rs:101:45
[INFO] [stdout]     |
[INFO] [stdout] 101 |     assert_owned_by(accounts.bidder_token, &spl_token::id())?;
[INFO] [stdout]     |                                             ^^^^^^^^^ use of undeclared crate or module `spl_token`
[INFO] [stdout] 
[INFO] [stdout] 
[INFO] [stdout] For more information about an error, try `rustc --explain E0432`.
[INFO] [stdout] 
[INFO] [stdout] error[E0433]: failed to resolve: use of undeclared crate or module `spl_token`
[INFO] [stdout]    --> src/processor/place_bid.rs:110:37
[INFO] [stdout]     |
[INFO] [stdout] 110 |     assert_owned_by(accounts.mint, &spl_token::id())?;
[INFO] [stdout]     |                                     ^^^^^^^^^ use of undeclared crate or module `spl_token`
[INFO] [stdout] 
[INFO] [stdout] 
[INFO] [stdout] error[E0433]: failed to resolve: use of undeclared crate or module `spl_token`
[INFO] [stdout]    --> src/processor/place_bid.rs:111:49
[INFO] [stdout]     |
[INFO] [stdout] 111 |     assert_owned_by(accounts.bidder_pot_token, &spl_token::id())?;
[INFO] [stdout]     |                                                 ^^^^^^^^^ use of undeclared crate or module `spl_token`
[INFO] [stdout] 
[INFO] [stdout] 
[INFO] [stdout] error[E0433]: failed to resolve: use of undeclared crate or module `spl_token`
[INFO] [stdout]    --> src/processor/place_bid.rs:117:39
[INFO] [stdout]     |
[INFO] [stdout] 117 |     if *accounts.token_program.key != spl_token::id() {
[INFO] [stdout]     |                                       ^^^^^^^^^ use of undeclared crate or module `spl_token`
[INFO] [stdout] 
[INFO] [stdout] 
[INFO] [stdout] error: aborting due to 134 previous errors
[INFO] [stdout] 
[INFO] [stdout] 
[INFO] [stdout] Some errors have detailed explanations: E0432, E0433.
[INFO] [stdout] 
[INFO] [stdout] For more information about an error, try `rustc --explain E0432`.
[INFO] [stdout] 
[INFO] [stderr] error: could not compile `cw-marketplace` (lib test) due to 135 previous errors
[INFO] [stderr] warning: build failed, waiting for other jobs to finish...
[INFO] [stderr] error: could not compile `cw-marketplace` (lib) due to 135 previous errors
[INFO] running `Command { std: "docker" "inspect" "dabc5adf722834239e357c4e4b0d0d670c2597e1dbdcbe78e01d7a953b74973b", kill_on_drop: false }`
[INFO] running `Command { std: "docker" "rm" "-f" "dabc5adf722834239e357c4e4b0d0d670c2597e1dbdcbe78e01d7a953b74973b", kill_on_drop: false }`
[INFO] [stdout] dabc5adf722834239e357c4e4b0d0d670c2597e1dbdcbe78e01d7a953b74973b
